000
CDUS43 KFSD 212231
CLIFSD


CLIMATE REPORT
NATIONAL WEATHER SERVICE SIOUX FALLS SD
530 PM CDT TUE APR 21 2015


...................................

...THE SIOUX FALLS SD CLIMATE SUMMARY FOR APRIL 21 2015...
VALID TODAY AS OF 0500 PM LOCAL TIME.

CLIMATE NORMAL PERIOD 1981 TO 2010
CLIMATE RECORD PERIOD 1893 TO 2015


WEATHER ITEM   OBSERVED TIME   RECORD YEAR NORMAL DEPARTURE LAST
                VALUE   (LST)  VALUE       VALUE  FROM      YEAR
                                                  NORMAL
..................................................................
TEMPERATURE (F)
 TODAY
  MAXIMUM         53    307 PM  93    1980  61     -8       69
  MINIMUM         29    615 AM  17    1927  37     -8       36
  AVERAGE         41                        49     -8       53

PRECIPITATION (IN)
  TODAY            0.00          1.13 1952   0.11  -0.11      T
  MONTH TO DATE    0.65                      2.07  -1.42     0.45
  SINCE MAR 1      0.98                      3.83  -2.85     1.16
  SINCE JAN 1      2.20                      4.99  -2.79     2.15

SNOWFALL (IN)
  TODAY            0.0           3.6  1988   0.1   -0.1      0.0
  MONTH TO DATE    T                         3.8   -3.8      3.4
  SINCE MAR 1      1.7                      12.2  -10.5     11.1
  SINCE JUL 1     31.9                      43.7  -11.8     45.3
  SNOW DEPTH       0

DEGREE DAYS
 HEATING
  TODAY           24                        16      8       12
  MONTH TO DATE  312                       433   -121      433
  SINCE MAR 1   1132                      1428   -296     1534
  SINCE JUL 1   6881                      7278   -397     7881

 COOLING
  TODAY            0                         0      0        0
  MONTH TO DATE    4                         0      4        0
  SINCE MAR 1      4                         0      4        0
  SINCE JAN 1      4                         0      4        0
..................................................................


WIND (MPH)
  HIGHEST WIND SPEED    32   HIGHEST WIND DIRECTION    NW (320)
  HIGHEST GUST SPEED    42   HIGHEST GUST DIRECTION     N (340)
  AVERAGE WIND SPEED    15.4


SKY COVER
  POSSIBLE SUNSHINE  MM
  AVERAGE SKY COVER 0.4


WEATHER CONDITIONS
 THE FOLLOWING WEATHER WAS RECORDED TODAY.
  NO SIGNIFICANT WEATHER WAS OBSERVED.


RELATIVE HUMIDITY (PERCENT)
 HIGHEST    63           100 AM
 LOWEST     28           400 PM
 AVERAGE    46

..........................................................


THE SIOUX FALLS SD CLIMATE NORMALS FOR TOMORROW
                         NORMAL    RECORD    YEAR
 MAXIMUM TEMPERATURE (F)   62        93      1960
 MINIMUM TEMPERATURE (F)   37        23      1956
                                             1927
                                             1909


SUNRISE AND SUNSET
APRIL 21 2015.........SUNRISE   635 AM CDT   SUNSET   817 PM CDT
APRIL 22 2015.........SUNRISE   633 AM CDT   SUNSET   818 PM CDT


-  INDICATES NEGATIVE NUMBERS.
R  INDICATES RECORD WAS SET OR TIED.
MM INDICATES DATA IS MISSING.
T  INDICATES TRACE AMOUNT.




$$
