000
CDUS43 KFSD 260627
CLIFSD


CLIMATE REPORT
NATIONAL WEATHER SERVICE SIOUX FALLS SD
127 AM CDT SUN APR 26 2015


...................................

...THE SIOUX FALLS SD CLIMATE SUMMARY FOR APRIL 25 2015...

CLIMATE NORMAL PERIOD 1981 TO 2010
CLIMATE RECORD PERIOD 1893 TO 2015


WEATHER ITEM   OBSERVED TIME   RECORD YEAR NORMAL DEPARTURE LAST
                VALUE   (LST)  VALUE       VALUE  FROM      YEAR
                                                  NORMAL
..................................................................
TEMPERATURE (F)
 YESTERDAY
  MAXIMUM         61    407 PM  94    1962  63     -2       73
  MINIMUM         44   1159 PM  22    1918  38      6       35
  AVERAGE         53                        51      2       54

PRECIPITATION (IN)
  YESTERDAY        0.19          2.30 1893   0.11   0.08     0.00
  MONTH TO DATE    1.00                      2.49  -1.49     0.72
  SINCE MAR 1      1.33                      4.25  -2.92     1.43
  SINCE JAN 1      2.55                      5.41  -2.86     2.42

SNOWFALL (IN)
  YESTERDAY        0.0           6.0  1893   0.0    0.0      0.0
  MONTH TO DATE    T                         4.2   -4.2      3.4
  SINCE MAR 1      1.7                      12.6  -10.9     11.1
  SINCE JUL 1     31.9                      44.1  -12.2     45.3
  SNOW DEPTH       0

DEGREE DAYS
 HEATING
  YESTERDAY       12                        15     -3       11
  MONTH TO DATE  367                       494   -127      482
  SINCE MAR 1   1187                      1489   -302     1583
  SINCE JUL 1   6936                      7339   -403     7930

 COOLING
  YESTERDAY        0                         0      0        0
  MONTH TO DATE    4                         0      4        0
  SINCE MAR 1      4                         0      4        0
  SINCE JAN 1      4                         0      4        0
..................................................................


WIND (MPH)
  HIGHEST WIND SPEED    21   HIGHEST WIND DIRECTION     E (90)
  HIGHEST GUST SPEED    26   HIGHEST GUST DIRECTION     E (90)
  AVERAGE WIND SPEED    13.8


SKY COVER
  POSSIBLE SUNSHINE  MM
  AVERAGE SKY COVER 0.8


WEATHER CONDITIONS
 THE FOLLOWING WEATHER WAS RECORDED YESTERDAY.
  HEAVY RAIN
  RAIN
  LIGHT RAIN
  FOG


RELATIVE HUMIDITY (PERCENT)
 HIGHEST    93           100 AM
 LOWEST     51           300 PM
 AVERAGE    72

..........................................................


THE SIOUX FALLS SD CLIMATE NORMALS FOR TODAY
                         NORMAL    RECORD    YEAR
 MAXIMUM TEMPERATURE (F)   63        88      1987
                                             1901
 MINIMUM TEMPERATURE (F)   39        21      1931


SUNRISE AND SUNSET
APRIL 26 2015.........SUNRISE   627 AM CDT   SUNSET   823 PM CDT
APRIL 27 2015.........SUNRISE   626 AM CDT   SUNSET   824 PM CDT


-  INDICATES NEGATIVE NUMBERS.
R  INDICATES RECORD WAS SET OR TIED.
MM INDICATES DATA IS MISSING.
T  INDICATES TRACE AMOUNT.




$$
