000
CDUS43 KFSD 122225
CLIFSD


CLIMATE REPORT
NATIONAL WEATHER SERVICE SIOUX FALLS SD
525 PM CDT SUN APR 12 2015


...................................

...THE SIOUX FALLS SD CLIMATE SUMMARY FOR APRIL 12 2015...
VALID TODAY AS OF 0500 PM LOCAL TIME.

CLIMATE NORMAL PERIOD 1981 TO 2010
CLIMATE RECORD PERIOD 1893 TO 2015


WEATHER ITEM   OBSERVED TIME   RECORD YEAR NORMAL DEPARTURE LAST
                VALUE   (LST)  VALUE       VALUE  FROM      YEAR
                                                  NORMAL
..................................................................
TEMPERATURE (F)
 TODAY
  MAXIMUM         76    250 PM  85    1908  57     19       74
  MINIMUM         52    640 AM  14    1957  33     19       48
  AVERAGE         64                        45     19       61

PRECIPITATION (IN)
  TODAY            0.00          1.52 1960   0.10  -0.10      T
  MONTH TO DATE    0.54                      1.12  -0.58     0.22
  SINCE MAR 1      0.87                      2.88  -2.01     0.93
  SINCE JAN 1      2.09                      4.04  -1.95     1.92

SNOWFALL (IN)
  TODAY            0.0           3.5  1983   0.2   -0.2      0.0
  MONTH TO DATE    T                         2.3   -2.3      2.6
  SINCE MAR 1      1.7                      10.7   -9.0     10.3
  SINCE JUL 1     31.9                      42.2  -10.3     44.5
  SNOW DEPTH       0

DEGREE DAYS
 HEATING
  TODAY            1                        20    -19        4
  MONTH TO DATE  194                       271    -77      243
  SINCE MAR 1   1014                      1266   -252     1344
  SINCE JUL 1   6763                      7116   -353     7691

 COOLING
  TODAY            0                         0      0        0
  MONTH TO DATE    4                         0      4        0
  SINCE MAR 1      4                         0      4        0
  SINCE JAN 1      4                         0      4        0
..................................................................


WIND (MPH)
  HIGHEST WIND SPEED    30   HIGHEST WIND DIRECTION     S (190)
  HIGHEST GUST SPEED    39   HIGHEST GUST DIRECTION     S (200)
  AVERAGE WIND SPEED    20.5


SKY COVER
  POSSIBLE SUNSHINE  MM
  AVERAGE SKY COVER 0.3


WEATHER CONDITIONS
 THE FOLLOWING WEATHER WAS RECORDED TODAY.
  NO SIGNIFICANT WEATHER WAS OBSERVED.


RELATIVE HUMIDITY (PERCENT)
 HIGHEST    71           600 AM
 LOWEST     31           400 PM
 AVERAGE    51

..........................................................


THE SIOUX FALLS SD CLIMATE NORMALS FOR TOMORROW
                         NORMAL    RECORD    YEAR
 MAXIMUM TEMPERATURE (F)   58        87      2006
                                             1908
 MINIMUM TEMPERATURE (F)   33        11      1950


SUNRISE AND SUNSET
APRIL 12 2015.........SUNRISE   650 AM CDT   SUNSET   806 PM CDT
APRIL 13 2015.........SUNRISE   648 AM CDT   SUNSET   808 PM CDT


-  INDICATES NEGATIVE NUMBERS.
R  INDICATES RECORD WAS SET OR TIED.
MM INDICATES DATA IS MISSING.
T  INDICATES TRACE AMOUNT.




$$
