000
CDUS43 KFSD 110632
CLIFSD


CLIMATE REPORT
NATIONAL WEATHER SERVICE SIOUX FALLS SD
130 AM CDT SAT APR 11 2015


...................................

...THE SIOUX FALLS SD CLIMATE SUMMARY FOR APRIL 10 2015...

CLIMATE NORMAL PERIOD 1981 TO 2010
CLIMATE RECORD PERIOD 1893 TO 2015


WEATHER ITEM   OBSERVED TIME   RECORD YEAR NORMAL DEPARTURE LAST
                VALUE   (LST)  VALUE       VALUE  FROM      YEAR
                                                  NORMAL
..................................................................
TEMPERATURE (F)
 YESTERDAY
  MAXIMUM         59    512 PM  83    1977  56      3       65
                                      1930
                                      1910
  MINIMUM         33    609 AM  18    1989  32      1       42
  AVERAGE         46                        44      2       54

PRECIPITATION (IN)
  YESTERDAY        0.00          1.72 1929   0.10  -0.10     0.00
  MONTH TO DATE    0.54                      0.92  -0.38     0.22
  SINCE MAR 1      0.87                      2.68  -1.81     0.93
  SINCE JAN 1      2.09                      3.84  -1.75     1.92

SNOWFALL (IN)
  YESTERDAY        0.0          10.0  1929   0.1   -0.1      0.0
  MONTH TO DATE    T                         1.9   -1.9      2.6
  SINCE MAR 1      1.7                      10.3   -8.6     10.3
  SINCE JUL 1     31.9                      41.8   -9.9     44.5
  SNOW DEPTH       0

DEGREE DAYS
 HEATING
  YESTERDAY       19                        21     -2       11
  MONTH TO DATE  183                       230    -47      229
  SINCE MAR 1   1003                      1225   -222     1330
  SINCE JUL 1   6752                      7075   -323     7677

 COOLING
  YESTERDAY        0                         0      0        0
  MONTH TO DATE    4                         0      4        0
  SINCE MAR 1      4                         0      4        0
  SINCE JAN 1      4                         0      4        0
..................................................................


WIND (MPH)
  HIGHEST WIND SPEED    24   HIGHEST WIND DIRECTION     N (350)
  HIGHEST GUST SPEED    29   HIGHEST GUST DIRECTION     N (350)
  AVERAGE WIND SPEED     8.9


SKY COVER
  POSSIBLE SUNSHINE  MM
  AVERAGE SKY COVER 0.0


WEATHER CONDITIONS
 THE FOLLOWING WEATHER WAS RECORDED YESTERDAY.
  NO SIGNIFICANT WEATHER WAS OBSERVED.


RELATIVE HUMIDITY (PERCENT)
 HIGHEST    82           600 AM
 LOWEST     28           500 PM
 AVERAGE    55

..........................................................


THE SIOUX FALLS SD CLIMATE NORMALS FOR TODAY
                         NORMAL    RECORD    YEAR
 MAXIMUM TEMPERATURE (F)   57        88      1985
 MINIMUM TEMPERATURE (F)   33        11      1940


SUNRISE AND SUNSET
APRIL 11 2015.........SUNRISE   651 AM CDT   SUNSET   805 PM CDT
APRIL 12 2015.........SUNRISE   650 AM CDT   SUNSET   806 PM CDT


-  INDICATES NEGATIVE NUMBERS.
R  INDICATES RECORD WAS SET OR TIED.
MM INDICATES DATA IS MISSING.
T  INDICATES TRACE AMOUNT.




$$
