000
CDUS43 KFSD 100630
CLIFSD


CLIMATE REPORT
NATIONAL WEATHER SERVICE SIOUX FALLS SD
130 AM CDT FRI APR 10 2015


...................................

...THE SIOUX FALLS SD CLIMATE SUMMARY FOR APRIL 9 2015...

CLIMATE NORMAL PERIOD 1981 TO 2010
CLIMATE RECORD PERIOD 1893 TO 2015


WEATHER ITEM   OBSERVED TIME   RECORD YEAR NORMAL DEPARTURE LAST
                VALUE   (LST)  VALUE       VALUE  FROM      YEAR
                                                  NORMAL
..................................................................
TEMPERATURE (F)
 YESTERDAY
  MAXIMUM         51    611 PM  88    1977  56     -5       81
  MINIMUM         38    955 PM  10    1997  32      6       38
  AVERAGE         45                        44      1       60

PRECIPITATION (IN)
  YESTERDAY        0.20          1.42 2013   0.10   0.10     0.00
  MONTH TO DATE    0.54                      0.82  -0.28     0.22
  SINCE MAR 1      0.87                      2.58  -1.71     0.93
  SINCE JAN 1      2.09                      3.74  -1.65     1.92

SNOWFALL (IN)
  YESTERDAY        T             5.9  1995   0.2   -0.2      0.0
  MONTH TO DATE    T                         1.8   -1.8      2.6
  SINCE MAR 1      1.7                      10.2   -8.5     10.3
  SINCE JUL 1     31.9                      41.7   -9.8     44.5
  SNOW DEPTH       0

DEGREE DAYS
 HEATING
  YESTERDAY       20                        21     -1        5
  MONTH TO DATE  164                       209    -45      218
  SINCE MAR 1    984                      1204   -220     1319
  SINCE JUL 1   6733                      7054   -321     7666

 COOLING
  YESTERDAY        0                         0      0        0
  MONTH TO DATE    4                         0      4        0
  SINCE MAR 1      4                         0      4        0
  SINCE JAN 1      4                         0      4        0
..................................................................


WIND (MPH)
  HIGHEST WIND SPEED    33   HIGHEST WIND DIRECTION     N (360)
  HIGHEST GUST SPEED    41   HIGHEST GUST DIRECTION     N (360)
  AVERAGE WIND SPEED    14.4


SKY COVER
  POSSIBLE SUNSHINE  MM
  AVERAGE SKY COVER 0.9


WEATHER CONDITIONS
 THE FOLLOWING WEATHER WAS RECORDED YESTERDAY.
  THUNDERSTORM
  RAIN
  LIGHT RAIN
  SNOW
  SLEET
  FOG


RELATIVE HUMIDITY (PERCENT)
 HIGHEST    93          1200 AM
 LOWEST     50           600 PM
 AVERAGE    72

..........................................................


THE SIOUX FALLS SD CLIMATE NORMALS FOR TODAY
                         NORMAL    RECORD    YEAR
 MAXIMUM TEMPERATURE (F)   56        83      1977
                                             1930
                                             1910
 MINIMUM TEMPERATURE (F)   32        18      1989


SUNRISE AND SUNSET
APRIL 10 2015.........SUNRISE   653 AM CDT   SUNSET   804 PM CDT
APRIL 11 2015.........SUNRISE   651 AM CDT   SUNSET   805 PM CDT


-  INDICATES NEGATIVE NUMBERS.
R  INDICATES RECORD WAS SET OR TIED.
MM INDICATES DATA IS MISSING.
T  INDICATES TRACE AMOUNT.




$$
