000
CDUS43 KFSD 270626
CLIFSD


CLIMATE REPORT
NATIONAL WEATHER SERVICE SIOUX FALLS SD
123 AM CDT MON APR 27 2015


...................................

...THE SIOUX FALLS SD CLIMATE SUMMARY FOR APRIL 26 2015...

CLIMATE NORMAL PERIOD 1981 TO 2010
CLIMATE RECORD PERIOD 1893 TO 2015


WEATHER ITEM   OBSERVED TIME   RECORD YEAR NORMAL DEPARTURE LAST
                VALUE   (LST)  VALUE       VALUE  FROM      YEAR
                                                  NORMAL
..................................................................
TEMPERATURE (F)
 YESTERDAY
  MAXIMUM         67    453 PM  88    1987  63      4       68
                                      1901
  MINIMUM         34    603 AM  21    1931  39     -5       46
  AVERAGE         51                        51      0       57

PRECIPITATION (IN)
  YESTERDAY        0.00          1.56 1964   0.10  -0.10     0.08
  MONTH TO DATE    1.00                      2.59  -1.59     0.80
  SINCE MAR 1      1.33                      4.35  -3.02     1.51
  SINCE JAN 1      2.55                      5.51  -2.96     2.50

SNOWFALL (IN)
  YESTERDAY        0.0           2.9  1988   0.1   -0.1      0.0
  MONTH TO DATE    T                         4.3   -4.3      3.4
  SINCE MAR 1      1.7                      12.7  -11.0     11.1
  SINCE JUL 1     31.9                      44.2  -12.3     45.3
  SNOW DEPTH       0

DEGREE DAYS
 HEATING
  YESTERDAY       14                        14      0        8
  MONTH TO DATE  381                       508   -127      490
  SINCE MAR 1   1201                      1503   -302     1591
  SINCE JUL 1   6950                      7353   -403     7938

 COOLING
  YESTERDAY        0                         0      0        0
  MONTH TO DATE    4                         0      4        0
  SINCE MAR 1      4                         0      4        0
  SINCE JAN 1      4                         0      4        0
..................................................................


WIND (MPH)
  HIGHEST WIND SPEED    17   HIGHEST WIND DIRECTION     N (20)
  HIGHEST GUST SPEED    23   HIGHEST GUST DIRECTION    NE (60)
  AVERAGE WIND SPEED     6.3


SKY COVER
  POSSIBLE SUNSHINE  MM
  AVERAGE SKY COVER 0.2


WEATHER CONDITIONS
 THE FOLLOWING WEATHER WAS RECORDED YESTERDAY.
  FOG


RELATIVE HUMIDITY (PERCENT)
 HIGHEST    96           600 AM
 LOWEST     26           400 PM
 AVERAGE    61

..........................................................


THE SIOUX FALLS SD CLIMATE NORMALS FOR TODAY
                         NORMAL    RECORD    YEAR
 MAXIMUM TEMPERATURE (F)   64        91      1981
 MINIMUM TEMPERATURE (F)   39        21      1909


SUNRISE AND SUNSET
APRIL 27 2015.........SUNRISE   626 AM CDT   SUNSET   824 PM CDT
APRIL 28 2015.........SUNRISE   624 AM CDT   SUNSET   825 PM CDT


-  INDICATES NEGATIVE NUMBERS.
R  INDICATES RECORD WAS SET OR TIED.
MM INDICATES DATA IS MISSING.
T  INDICATES TRACE AMOUNT.




$$
