000
CDUS43 KFSD 232230
CLIFSD


CLIMATE REPORT
NATIONAL WEATHER SERVICE SIOUX FALLS SD
530 PM CDT THU APR 23 2015


...................................

...THE SIOUX FALLS SD CLIMATE SUMMARY FOR APRIL 23 2015...
VALID TODAY AS OF 0500 PM LOCAL TIME.

CLIMATE NORMAL PERIOD 1981 TO 2010
CLIMATE RECORD PERIOD 1893 TO 2015


WEATHER ITEM   OBSERVED TIME   RECORD YEAR NORMAL DEPARTURE LAST
                VALUE   (LST)  VALUE       VALUE  FROM      YEAR
                                                  NORMAL
..................................................................
TEMPERATURE (F)
 TODAY
  MAXIMUM         64    340 PM  91    2009  62      2       65
  MINIMUM         34   1232 AM  20    1996  38     -4       47
                                      1967
  AVERAGE         49                        50     -1       56

PRECIPITATION (IN)
  TODAY            0.00          1.52 1929   0.10  -0.10      T
  MONTH TO DATE    0.65                      2.27  -1.62     0.45
  SINCE MAR 1      0.98                      4.03  -3.05     1.16
  SINCE JAN 1      2.20                      5.19  -2.99     2.15

SNOWFALL (IN)
  TODAY            0.0           1.4  2001   0.1   -0.1      0.0
  MONTH TO DATE    T                         4.0   -4.0      3.4
  SINCE MAR 1      1.7                      12.4  -10.7     11.1
  SINCE JUL 1     31.9                      43.9  -12.0     45.3
  SNOW DEPTH       0

DEGREE DAYS
 HEATING
  TODAY           16                        15      1        9
  MONTH TO DATE  352                       464   -112      459
  SINCE MAR 1   1172                      1459   -287     1560
  SINCE JUL 1   6921                      7309   -388     7907

 COOLING
  TODAY            0                         0      0        0
  MONTH TO DATE    4                         0      4        0
  SINCE MAR 1      4                         0      4        0
  SINCE JAN 1      4                         0      4        0
..................................................................


WIND (MPH)
  HIGHEST WIND SPEED    20   HIGHEST WIND DIRECTION     S (160)
  HIGHEST GUST SPEED    25   HIGHEST GUST DIRECTION     S (180)
  AVERAGE WIND SPEED     7.6


SKY COVER
  POSSIBLE SUNSHINE  MM
  AVERAGE SKY COVER 0.5


WEATHER CONDITIONS
 THE FOLLOWING WEATHER WAS RECORDED TODAY.
  NO SIGNIFICANT WEATHER WAS OBSERVED.


RELATIVE HUMIDITY (PERCENT)
 HIGHEST    52           100 AM
 LOWEST     23          1200 PM
 AVERAGE    38

..........................................................


THE SIOUX FALLS SD CLIMATE NORMALS FOR TOMORROW
                         NORMAL    RECORD    YEAR
 MAXIMUM TEMPERATURE (F)   63        89      1906
 MINIMUM TEMPERATURE (F)   38        20      1967


SUNRISE AND SUNSET
APRIL 23 2015.........SUNRISE   632 AM CDT   SUNSET   820 PM CDT
APRIL 24 2015.........SUNRISE   630 AM CDT   SUNSET   821 PM CDT


-  INDICATES NEGATIVE NUMBERS.
R  INDICATES RECORD WAS SET OR TIED.
MM INDICATES DATA IS MISSING.
T  INDICATES TRACE AMOUNT.




$$
