000
CDUS43 KFSD 132230
CLIFSD


CLIMATE REPORT
NATIONAL WEATHER SERVICE SIOUX FALLS SD
530 PM CDT MON APR 13 2015


...................................

...THE SIOUX FALLS SD CLIMATE SUMMARY FOR APRIL 13 2015...
VALID TODAY AS OF 0500 PM LOCAL TIME.

CLIMATE NORMAL PERIOD 1981 TO 2010
CLIMATE RECORD PERIOD 1893 TO 2015


WEATHER ITEM   OBSERVED TIME   RECORD YEAR NORMAL DEPARTURE LAST
                VALUE   (LST)  VALUE       VALUE  FROM      YEAR
                                                  NORMAL
..................................................................
TEMPERATURE (F)
 TODAY
  MAXIMUM         67    333 PM  87    2006  58      9       48
                                      1908
  MINIMUM         37    524 AM  11    1950  33      4       27
  AVERAGE         52                        45      7       38

PRECIPITATION (IN)
  TODAY            0.00          1.84 1927   0.11  -0.11      T
  MONTH TO DATE    0.55                      1.23  -0.68     0.22
  SINCE MAR 1      0.88                      2.99  -2.11     0.93
  SINCE JAN 1      2.10                      4.15  -2.05     1.92

SNOWFALL (IN)
  TODAY            0.0           3.7  1983   0.2   -0.2       T
  MONTH TO DATE    T                         2.5   -2.5      2.6
  SINCE MAR 1      1.7                      10.9   -9.2     10.3
  SINCE JUL 1     31.9                      42.4  -10.5     44.5
  SNOW DEPTH       0

DEGREE DAYS
 HEATING
  TODAY           13                        20     -7       27
  MONTH TO DATE  210                       291    -81      270
  SINCE MAR 1   1030                      1286   -256     1371
  SINCE JUL 1   6779                      7136   -357     7718

 COOLING
  TODAY            0                         0      0        0
  MONTH TO DATE    4                         0      4        0
  SINCE MAR 1      4                         0      4        0
  SINCE JAN 1      4                         0      4        0
..................................................................


WIND (MPH)
  HIGHEST WIND SPEED    30   HIGHEST WIND DIRECTION    NW (320)
  HIGHEST GUST SPEED    41   HIGHEST GUST DIRECTION    NW (300)
  AVERAGE WIND SPEED    13.7


SKY COVER
  POSSIBLE SUNSHINE  MM
  AVERAGE SKY COVER 0.1


WEATHER CONDITIONS
 THE FOLLOWING WEATHER WAS RECORDED TODAY.
  NO SIGNIFICANT WEATHER WAS OBSERVED.


RELATIVE HUMIDITY (PERCENT)
 HIGHEST    59           300 AM
 LOWEST     14           400 PM
 AVERAGE    37

..........................................................


THE SIOUX FALLS SD CLIMATE NORMALS FOR TOMORROW
                         NORMAL    RECORD    YEAR
 MAXIMUM TEMPERATURE (F)   58        91      1954
 MINIMUM TEMPERATURE (F)   34        11      1928


SUNRISE AND SUNSET
APRIL 13 2015.........SUNRISE   648 AM CDT   SUNSET   808 PM CDT
APRIL 14 2015.........SUNRISE   646 AM CDT   SUNSET   809 PM CDT


-  INDICATES NEGATIVE NUMBERS.
R  INDICATES RECORD WAS SET OR TIED.
MM INDICATES DATA IS MISSING.
T  INDICATES TRACE AMOUNT.




$$
