000
CDUS43 KFSD 200628
CLIFSD


CLIMATE REPORT
NATIONAL WEATHER SERVICE SIOUX FALLS SD
126 AM CDT MON APR 20 2015


...................................

...THE SIOUX FALLS SD CLIMATE SUMMARY FOR APRIL 19 2015...

CLIMATE NORMAL PERIOD 1981 TO 2010
CLIMATE RECORD PERIOD 1893 TO 2015


WEATHER ITEM   OBSERVED TIME   RECORD YEAR NORMAL DEPARTURE LAST
                VALUE   (LST)  VALUE       VALUE  FROM      YEAR
                                                  NORMAL
..................................................................
TEMPERATURE (F)
 YESTERDAY
  MAXIMUM         58    406 PM  89    1987  60     -2       71
  MINIMUM         41   1159 PM  15    1928  36      5       53
  AVERAGE         50                        48      2       62

PRECIPITATION (IN)
  YESTERDAY        0.00          1.90 1916   0.11  -0.11     0.00
  MONTH TO DATE    0.65                      1.86  -1.21     0.45
  SINCE MAR 1      0.98                      3.62  -2.64     1.16
  SINCE JAN 1      2.20                      4.78  -2.58     2.15

SNOWFALL (IN)
  YESTERDAY        0.0           0.5  1966   0.1   -0.1      0.0
  MONTH TO DATE    T                         3.5   -3.5      3.4
  SINCE MAR 1      1.7                      11.9  -10.2     11.1
  SINCE JUL 1     31.9                      43.4  -11.5     45.3
  SNOW DEPTH       0

DEGREE DAYS
 HEATING
  YESTERDAY       15                        17     -2        3
  MONTH TO DATE  266                       400   -134      418
  SINCE MAR 1   1086                      1395   -309     1519
  SINCE JUL 1   6835                      7245   -410     7866

 COOLING
  YESTERDAY        0                         0      0        0
  MONTH TO DATE    4                         0      4        0
  SINCE MAR 1      4                         0      4        0
  SINCE JAN 1      4                         0      4        0
..................................................................


WIND (MPH)
  HIGHEST WIND SPEED    35   HIGHEST WIND DIRECTION    NW (320)
  HIGHEST GUST SPEED    43   HIGHEST GUST DIRECTION    NW (320)
  AVERAGE WIND SPEED    18.9


SKY COVER
  POSSIBLE SUNSHINE  MM
  AVERAGE SKY COVER 0.8


WEATHER CONDITIONS
 THE FOLLOWING WEATHER WAS RECORDED YESTERDAY.
  FOG


RELATIVE HUMIDITY (PERCENT)
 HIGHEST   100           300 AM
 LOWEST     35           400 PM
 AVERAGE    68

..........................................................


THE SIOUX FALLS SD CLIMATE NORMALS FOR TODAY
                         NORMAL    RECORD    YEAR
 MAXIMUM TEMPERATURE (F)   61        93      1980
 MINIMUM TEMPERATURE (F)   36        16      2013


SUNRISE AND SUNSET
APRIL 20 2015.........SUNRISE   637 AM CDT   SUNSET   816 PM CDT
APRIL 21 2015.........SUNRISE   635 AM CDT   SUNSET   817 PM CDT


-  INDICATES NEGATIVE NUMBERS.
R  INDICATES RECORD WAS SET OR TIED.
MM INDICATES DATA IS MISSING.
T  INDICATES TRACE AMOUNT.




$$
