000
CDUS43 KFSD 150626
CLIFSD


CLIMATE REPORT
NATIONAL WEATHER SERVICE SIOUX FALLS SD
124 AM CDT WED APR 15 2015


...................................

...THE SIOUX FALLS SD CLIMATE SUMMARY FOR APRIL 14 2015...

CLIMATE NORMAL PERIOD 1981 TO 2010
CLIMATE RECORD PERIOD 1893 TO 2015


WEATHER ITEM   OBSERVED TIME   RECORD YEAR NORMAL DEPARTURE LAST
                VALUE   (LST)  VALUE       VALUE  FROM      YEAR
                                                  NORMAL
..................................................................
TEMPERATURE (F)
 YESTERDAY
  MAXIMUM         74    305 PM  91    1954  58     16       41
  MINIMUM         31    413 AM  11    1928  34     -3       19
  AVERAGE         53                        46      7       30

PRECIPITATION (IN)
  YESTERDAY        0.00          1.45 1919   0.10  -0.10      T
  MONTH TO DATE    0.55                      1.33  -0.78     0.22
  SINCE MAR 1      0.88                      3.09  -2.21     0.93
  SINCE JAN 1      2.10                      4.25  -2.15     1.92

SNOWFALL (IN)
  YESTERDAY        0.0           2.4  1983   0.2   -0.2       T
  MONTH TO DATE    T                         2.7   -2.7      2.6
  SINCE MAR 1      1.7                      11.1   -9.4     10.3
  SINCE JUL 1     31.9                      42.6  -10.7     44.5
  SNOW DEPTH       0

DEGREE DAYS
 HEATING
  YESTERDAY       12                        19     -7       35
  MONTH TO DATE  222                       310    -88      305
  SINCE MAR 1   1042                      1305   -263     1406
  SINCE JUL 1   6791                      7155   -364     7753

 COOLING
  YESTERDAY        0                         0      0        0
  MONTH TO DATE    4                         0      4        0
  SINCE MAR 1      4                         0      4        0
  SINCE JAN 1      4                         0      4        0
..................................................................


WIND (MPH)
  HIGHEST WIND SPEED    28   HIGHEST WIND DIRECTION     S (170)
  HIGHEST GUST SPEED    35   HIGHEST GUST DIRECTION     S (170)
  AVERAGE WIND SPEED    12.7


SKY COVER
  POSSIBLE SUNSHINE  MM
  AVERAGE SKY COVER 0.2


WEATHER CONDITIONS
 THE FOLLOWING WEATHER WAS RECORDED YESTERDAY.
  NO SIGNIFICANT WEATHER WAS OBSERVED.


RELATIVE HUMIDITY (PERCENT)
 HIGHEST    78           400 AM
 LOWEST     17           100 PM
 AVERAGE    48

..........................................................


THE SIOUX FALLS SD CLIMATE NORMALS FOR TODAY
                         NORMAL    RECORD    YEAR
 MAXIMUM TEMPERATURE (F)   59        89      2002
 MINIMUM TEMPERATURE (F)   34        11      2014


SUNRISE AND SUNSET
APRIL 15 2015.........SUNRISE   645 AM CDT   SUNSET   810 PM CDT
APRIL 16 2015.........SUNRISE   643 AM CDT   SUNSET   811 PM CDT


-  INDICATES NEGATIVE NUMBERS.
R  INDICATES RECORD WAS SET OR TIED.
MM INDICATES DATA IS MISSING.
T  INDICATES TRACE AMOUNT.




$$
