000
CDUS43 KFSD 152226
CLIFSD


CLIMATE REPORT
NATIONAL WEATHER SERVICE SIOUX FALLS SD
526 PM CDT WED APR 15 2015


...................................

...THE SIOUX FALLS SD CLIMATE SUMMARY FOR APRIL 15 2015...
VALID TODAY AS OF 0500 PM LOCAL TIME.

CLIMATE NORMAL PERIOD 1981 TO 2010
CLIMATE RECORD PERIOD 1893 TO 2015


WEATHER ITEM   OBSERVED TIME   RECORD YEAR NORMAL DEPARTURE LAST
                VALUE   (LST)  VALUE       VALUE  FROM      YEAR
                                                  NORMAL
..................................................................
TEMPERATURE (F)
 TODAY
  MAXIMUM         65   1224 PM  89    2002  59      6       48
  MINIMUM         46    645 AM  11    2014  34     12       11
  AVERAGE         56                        46     10       30

PRECIPITATION (IN)
  TODAY            0.00          1.28 2011   0.11  -0.11     0.00
  MONTH TO DATE    0.55                      1.44  -0.89     0.22
  SINCE MAR 1      0.88                      3.20  -2.32     0.93
  SINCE JAN 1      2.10                      4.36  -2.26     1.92

SNOWFALL (IN)
  TODAY            0.0           2.4  1953   0.1   -0.1      0.0
  MONTH TO DATE    T                         2.8   -2.8      2.6
  SINCE MAR 1      1.7                      11.2   -9.5     10.3
  SINCE JUL 1     31.9                      42.7  -10.8     44.5
  SNOW DEPTH       0

DEGREE DAYS
 HEATING
  TODAY            9                        19    -10       35
  MONTH TO DATE  231                       329    -98      340
  SINCE MAR 1   1051                      1324   -273     1441
  SINCE JUL 1   6800                      7174   -374     7788

 COOLING
  TODAY            0                         0      0        0
  MONTH TO DATE    4                         0      4        0
  SINCE MAR 1      4                         0      4        0
  SINCE JAN 1      4                         0      4        0
..................................................................


WIND (MPH)
  HIGHEST WIND SPEED    32   HIGHEST WIND DIRECTION    SE (130)
  HIGHEST GUST SPEED    40   HIGHEST GUST DIRECTION    SE (150)
  AVERAGE WIND SPEED    16.1


SKY COVER
  POSSIBLE SUNSHINE  MM
  AVERAGE SKY COVER 0.5


WEATHER CONDITIONS
 THE FOLLOWING WEATHER WAS RECORDED TODAY.
  NO SIGNIFICANT WEATHER WAS OBSERVED.


RELATIVE HUMIDITY (PERCENT)
 HIGHEST    53           400 AM
 LOWEST     35           400 PM
 AVERAGE    44

..........................................................


THE SIOUX FALLS SD CLIMATE NORMALS FOR TOMORROW
                         NORMAL    RECORD    YEAR
 MAXIMUM TEMPERATURE (F)   59        92      1964
 MINIMUM TEMPERATURE (F)   35        13      1904


SUNRISE AND SUNSET
APRIL 15 2015.........SUNRISE   645 AM CDT   SUNSET   810 PM CDT
APRIL 16 2015.........SUNRISE   643 AM CDT   SUNSET   811 PM CDT


-  INDICATES NEGATIVE NUMBERS.
R  INDICATES RECORD WAS SET OR TIED.
MM INDICATES DATA IS MISSING.
T  INDICATES TRACE AMOUNT.




$$
