000
CDUS43 KFSD 020628
CLIHON


CLIMATE REPORT
NATIONAL WEATHER SERVICE SIOUX FALLS SD
127 AM CDT THU APR 2 2015


...................................

...THE HURON SD CLIMATE SUMMARY FOR APRIL 1 2015...

CLIMATE NORMAL PERIOD 1981 TO 2010
CLIMATE RECORD PERIOD 1881 TO 2015


WEATHER ITEM   OBSERVED TIME   RECORD YEAR NORMAL DEPARTURE LAST
                VALUE   (LST)  VALUE       VALUE  FROM      YEAR
                                                  NORMAL
..................................................................
TEMPERATURE (F)
 YESTERDAY
  MAXIMUM         75   1148 AM  91    2012  52     23       32
  MINIMUM         41   1159 PM   2    1975  28     13       14
  AVERAGE         58                        40     18       23

PRECIPITATION (IN)
  YESTERDAY        T             0.61 1960   0.06  -0.06      T
  MONTH TO DATE    T                         0.06  -0.06      T
  SINCE MAR 1      0.16                      1.52  -1.36     0.47
  SINCE JAN 1      0.77                      2.62  -1.85     1.03

SNOWFALL (IN)
  YESTERDAY       MM             3.4  1960   0.2   MM         T
  MONTH TO DATE   MM                         0.2   MM         T
  SINCE MAR 1      1.2                       9.1   -7.9      4.7
  SINCE JUL 1     22.8                      40.1  -17.3     26.4
  SNOW DEPTH       0

DEGREE DAYS
 HEATING
  YESTERDAY        7                        25    -18       42
  MONTH TO DATE    7                        25    -18       42
  SINCE MAR 1    865                      1012   -147     1143
  SINCE JUL 1   6802                      6844    -42     7463

 COOLING
  YESTERDAY        0                         0      0        0
  MONTH TO DATE    0                         0      0        0
  SINCE MAR 1      2                         0      2        0
  SINCE JAN 1      2                         0      2        0
..................................................................


WIND (MPH)
  HIGHEST WIND SPEED    30   HIGHEST WIND DIRECTION    NW (330)
  HIGHEST GUST SPEED    36   HIGHEST GUST DIRECTION    NW (330)
  AVERAGE WIND SPEED    17.5


SKY COVER
  POSSIBLE SUNSHINE  MM
  AVERAGE SKY COVER 0.0


WEATHER CONDITIONS
 THE FOLLOWING WEATHER WAS RECORDED YESTERDAY.
  NO SIGNIFICANT WEATHER WAS OBSERVED.


RELATIVE HUMIDITY (PERCENT)
 HIGHEST    50           500 AM
 LOWEST     27          1200 PM
 AVERAGE    39

..........................................................


THE HURON SD CLIMATE NORMALS FOR TODAY
                         NORMAL    RECORD    YEAR
 MAXIMUM TEMPERATURE (F)   52        81      1882
 MINIMUM TEMPERATURE (F)   29         7      1975


SUNRISE AND SUNSET
APRIL  2 2015.........SUNRISE   713 AM CDT   SUNSET   801 PM CDT
APRIL  3 2015.........SUNRISE   711 AM CDT   SUNSET   802 PM CDT


-  INDICATES NEGATIVE NUMBERS.
R  INDICATES RECORD WAS SET OR TIED.
MM INDICATES DATA IS MISSING.
T  INDICATES TRACE AMOUNT.




$$
