000
CDUS43 KFSD 270657
CLIHON


CLIMATE REPORT
NATIONAL WEATHER SERVICE SIOUX FALLS SD
155 AM CDT FRI MAR 27 2015


...................................

...THE HURON SD CLIMATE SUMMARY FOR MARCH 26 2015...

CLIMATE NORMAL PERIOD 1981 TO 2010
CLIMATE RECORD PERIOD 1881 TO 2015


WEATHER ITEM   OBSERVED TIME   RECORD YEAR NORMAL DEPARTURE LAST
                VALUE   (LST)  VALUE       VALUE  FROM      YEAR
                                                  NORMAL
..................................................................
TEMPERATURE (F)
 YESTERDAY
  MAXIMUM         42    330 PM  74    1905  49     -7       63
  MINIMUM         15    607 AM  -6    1894  26    -11       24
  AVERAGE         29                        37     -8       44

PRECIPITATION (IN)
  YESTERDAY        0.00          1.30 1921   0.06  -0.06     0.00
  MONTH TO DATE    0.13                      1.13  -1.00     0.40
  SINCE MAR 1      0.13                      1.13  -1.00     0.40
  SINCE JAN 1      0.74                      2.23  -1.49     0.96

SNOWFALL (IN)
  YESTERDAY        0.0           5.7  1983   0.2   -0.2      0.0
  MONTH TO DATE    1.2                       7.7   -6.5      3.8
  SINCE MAR 1      1.2                       7.7   -6.5      3.8
  SINCE JUL 1     22.8                      38.7  -15.9     25.5
  SNOW DEPTH       0

DEGREE DAYS
 HEATING
  YESTERDAY       36                        28      8       21
  MONTH TO DATE  755                       856   -101      953
  SINCE MAR 1    755                       856   -101      953
  SINCE JUL 1   6692                      6688      4     7273

 COOLING
  YESTERDAY        0                         0      0        0
  MONTH TO DATE    2                         0      2        0
  SINCE MAR 1      2                         0      2        0
  SINCE JAN 1      2                         0      2        0
..................................................................


WIND (MPH)
  HIGHEST WIND SPEED    20   HIGHEST WIND DIRECTION     N (20)
  HIGHEST GUST SPEED    24   HIGHEST GUST DIRECTION     N (20)
  AVERAGE WIND SPEED     7.5


SKY COVER
  POSSIBLE SUNSHINE  MM
  AVERAGE SKY COVER 0.4


WEATHER CONDITIONS
 THE FOLLOWING WEATHER WAS RECORDED YESTERDAY.
  NO SIGNIFICANT WEATHER WAS OBSERVED.


RELATIVE HUMIDITY (PERCENT)
 HIGHEST    88           300 AM
 LOWEST     44           400 PM
 AVERAGE    66

..........................................................


THE HURON SD CLIMATE NORMALS FOR TODAY
                         NORMAL    RECORD    YEAR
 MAXIMUM TEMPERATURE (F)   49        81      1946
 MINIMUM TEMPERATURE (F)   27        -3      1913


SUNRISE AND SUNSET
MARCH 27 2015.........SUNRISE   724 AM CDT   SUNSET   754 PM CDT
MARCH 28 2015.........SUNRISE   722 AM CDT   SUNSET   755 PM CDT


-  INDICATES NEGATIVE NUMBERS.
R  INDICATES RECORD WAS SET OR TIED.
MM INDICATES DATA IS MISSING.
T  INDICATES TRACE AMOUNT.




$$
