000
CDUS43 KFSD 202226
CLIHON


CLIMATE REPORT
NATIONAL WEATHER SERVICE SIOUX FALLS SD
525 PM CDT MON APR 20 2015


...................................

...THE HURON SD CLIMATE SUMMARY FOR APRIL 20 2015...
VALID TODAY AS OF 0500 PM LOCAL TIME.

CLIMATE NORMAL PERIOD 1981 TO 2010
CLIMATE RECORD PERIOD 1881 TO 2015


WEATHER ITEM   OBSERVED TIME   RECORD YEAR NORMAL DEPARTURE LAST
                VALUE   (LST)  VALUE       VALUE  FROM      YEAR
                                                  NORMAL
..................................................................
TEMPERATURE (F)
 TODAY
  MAXIMUM         55    332 PM  96    1980  61     -6       81
  MINIMUM         32    618 AM  15    1966  36     -4       32
  AVERAGE         44                        49     -5       57

PRECIPITATION (IN)
  TODAY            0.00          1.34 2004   0.08  -0.08     0.01
  MONTH TO DATE    0.53                      1.45  -0.92     0.18
  SINCE MAR 1      0.69                      2.91  -2.22     0.65
  SINCE JAN 1      1.30                      4.01  -2.71     1.21

SNOWFALL (IN)
  TODAY            0.0           1.5  1927   0.2   -0.2      0.0
  MONTH TO DATE    T                         3.3   -3.3      2.2
  SINCE MAR 1      1.2                      12.2  -11.0      6.9
  SINCE JUL 1     22.8                      43.2  -20.4     28.6
  SNOW DEPTH       0

DEGREE DAYS
 HEATING
  TODAY           21                        17      4        8
  MONTH TO DATE  300                       415   -115      456
  SINCE MAR 1   1158                      1402   -244     1557
  SINCE JUL 1   7095                      7234   -139     7877

 COOLING
  TODAY            0                         0      0        0
  MONTH TO DATE    0                         0      0        0
  SINCE MAR 1      2                         0      2        0
  SINCE JAN 1      2                         0      2        0
..................................................................


WIND (MPH)
  HIGHEST WIND SPEED    40   HIGHEST WIND DIRECTION    NW (330)
  HIGHEST GUST SPEED    50   HIGHEST GUST DIRECTION    NW (320)
  AVERAGE WIND SPEED    24.3


SKY COVER
  POSSIBLE SUNSHINE  MM
  AVERAGE SKY COVER 0.2


WEATHER CONDITIONS
 THE FOLLOWING WEATHER WAS RECORDED TODAY.
  NO SIGNIFICANT WEATHER WAS OBSERVED.


RELATIVE HUMIDITY (PERCENT)
 HIGHEST    82           400 AM
 LOWEST     15           200 PM
 AVERAGE    49

..........................................................


THE HURON SD CLIMATE NORMALS FOR TOMORROW
                         NORMAL    RECORD    YEAR
 MAXIMUM TEMPERATURE (F)   62        97      1980
 MINIMUM TEMPERATURE (F)   36        13      1927


SUNRISE AND SUNSET
APRIL 20 2015.........SUNRISE   641 AM CDT   SUNSET   823 PM CDT
APRIL 21 2015.........SUNRISE   639 AM CDT   SUNSET   825 PM CDT


-  INDICATES NEGATIVE NUMBERS.
R  INDICATES RECORD WAS SET OR TIED.
MM INDICATES DATA IS MISSING.
T  INDICATES TRACE AMOUNT.




$$
