000
CDUS43 KFSD 270626
CLIHON


CLIMATE REPORT
NATIONAL WEATHER SERVICE SIOUX FALLS SD
123 AM CDT MON APR 27 2015


...................................

...THE HURON SD CLIMATE SUMMARY FOR APRIL 26 2015...

CLIMATE NORMAL PERIOD 1981 TO 2010
CLIMATE RECORD PERIOD 1881 TO 2015


WEATHER ITEM   OBSERVED TIME   RECORD YEAR NORMAL DEPARTURE LAST
                VALUE   (LST)  VALUE       VALUE  FROM      YEAR
                                                  NORMAL
..................................................................
TEMPERATURE (F)
 YESTERDAY
  MAXIMUM         69    311 PM  91    1901  64      5       68
  MINIMUM         33    552 AM  22    1931  38     -5       47
  AVERAGE         51                        51      0       58

PRECIPITATION (IN)
  YESTERDAY        0.00          1.59 1938   0.09  -0.09     0.00
  MONTH TO DATE    0.57                      1.96  -1.39     0.18
  SINCE MAR 1      0.73                      3.42  -2.69     0.65
  SINCE JAN 1      1.34                      4.52  -3.18     1.21

SNOWFALL (IN)
  YESTERDAY        0.0           2.2  1988   0.1   -0.1      0.0
  MONTH TO DATE    T                         3.8   -3.8      2.2
  SINCE MAR 1      1.2                      12.7  -11.5      6.9
  SINCE JUL 1     22.8                      43.7  -20.9     28.6
  SNOW DEPTH       0

DEGREE DAYS
 HEATING
  YESTERDAY       14                        14      0        7
  MONTH TO DATE  399                       506   -107      513
  SINCE MAR 1   1257                      1493   -236     1614
  SINCE JUL 1   7194                      7325   -131     7934

 COOLING
  YESTERDAY        0                         0      0        0
  MONTH TO DATE    0                         0      0        0
  SINCE MAR 1      2                         0      2        0
  SINCE JAN 1      2                         0      2        0
..................................................................


WIND (MPH)
  HIGHEST WIND SPEED    17   HIGHEST WIND DIRECTION    SE (130)
  HIGHEST GUST SPEED    24   HIGHEST GUST DIRECTION    SE (150)
  AVERAGE WIND SPEED     7.4


SKY COVER
  POSSIBLE SUNSHINE  MM
  AVERAGE SKY COVER 0.0


WEATHER CONDITIONS
 THE FOLLOWING WEATHER WAS RECORDED YESTERDAY.
  FOG


RELATIVE HUMIDITY (PERCENT)
 HIGHEST    96           600 AM
 LOWEST     26           200 PM
 AVERAGE    61

..........................................................


THE HURON SD CLIMATE NORMALS FOR TODAY
                         NORMAL    RECORD    YEAR
 MAXIMUM TEMPERATURE (F)   64        89      1952
 MINIMUM TEMPERATURE (F)   39        18      1909


SUNRISE AND SUNSET
APRIL 27 2015.........SUNRISE   630 AM CDT   SUNSET   832 PM CDT
APRIL 28 2015.........SUNRISE   628 AM CDT   SUNSET   833 PM CDT


-  INDICATES NEGATIVE NUMBERS.
R  INDICATES RECORD WAS SET OR TIED.
MM INDICATES DATA IS MISSING.
T  INDICATES TRACE AMOUNT.




$$
