000
CDUS43 KFSD 120627
CLIHON


CLIMATE REPORT
NATIONAL WEATHER SERVICE SIOUX FALLS SD
125 AM CDT SUN APR 12 2015


...................................

...THE HURON SD CLIMATE SUMMARY FOR APRIL 11 2015...

CLIMATE NORMAL PERIOD 1981 TO 2010
CLIMATE RECORD PERIOD 1881 TO 2015


WEATHER ITEM   OBSERVED TIME   RECORD YEAR NORMAL DEPARTURE LAST
                VALUE   (LST)  VALUE       VALUE  FROM      YEAR
                                                  NORMAL
..................................................................
TEMPERATURE (F)
 YESTERDAY
  MAXIMUM         80    343 PM  86    1931  57     23       70
  MINIMUM         38    252 AM   7    1997  32      6       29
  AVERAGE         59                        44     15       50

PRECIPITATION (IN)
  YESTERDAY        0.00          1.51 1991   0.07  -0.07      T
                                      1979
  MONTH TO DATE    0.25                      0.75  -0.50      T
  SINCE MAR 1      0.41                      2.21  -1.80     0.47
  SINCE JAN 1      1.02                      3.31  -2.29     1.03

SNOWFALL (IN)
  YESTERDAY        0.0           6.4  1995   0.2   -0.2      0.0
  MONTH TO DATE    T                         2.0   -2.0       T
  SINCE MAR 1      1.2                      10.9   -9.7      4.7
  SINCE JUL 1     22.8                      41.9  -19.1     26.4
  SNOW DEPTH       0

DEGREE DAYS
 HEATING
  YESTERDAY        6                        21    -15       15
  MONTH TO DATE  208                       250    -42      250
  SINCE MAR 1   1066                      1237   -171     1351
  SINCE JUL 1   7003                      7069    -66     7671

 COOLING
  YESTERDAY        0                         0      0        0
  MONTH TO DATE    0                         0      0        0
  SINCE MAR 1      2                         0      2        0
  SINCE JAN 1      2                         0      2        0
..................................................................


WIND (MPH)
  HIGHEST WIND SPEED    32   HIGHEST WIND DIRECTION     S (190)
  HIGHEST GUST SPEED    43   HIGHEST GUST DIRECTION     S (170)
  AVERAGE WIND SPEED    18.7


SKY COVER
  POSSIBLE SUNSHINE  MM
  AVERAGE SKY COVER 0.0


WEATHER CONDITIONS
 THE FOLLOWING WEATHER WAS RECORDED YESTERDAY.
  NO SIGNIFICANT WEATHER WAS OBSERVED.


RELATIVE HUMIDITY (PERCENT)
 HIGHEST    70           600 AM
 LOWEST     21           500 PM
 AVERAGE    46

..........................................................


THE HURON SD CLIMATE NORMALS FOR TODAY
                         NORMAL    RECORD    YEAR
 MAXIMUM TEMPERATURE (F)   58        89      1931
 MINIMUM TEMPERATURE (F)   33         6      1961


SUNRISE AND SUNSET
APRIL 12 2015.........SUNRISE   655 AM CDT   SUNSET   813 PM CDT
APRIL 13 2015.........SUNRISE   653 AM CDT   SUNSET   815 PM CDT


-  INDICATES NEGATIVE NUMBERS.
R  INDICATES RECORD WAS SET OR TIED.
MM INDICATES DATA IS MISSING.
T  INDICATES TRACE AMOUNT.




$$
