000
CDUS43 KFSD 240645
CLIHON


CLIMATE REPORT
NATIONAL WEATHER SERVICE SIOUX FALLS SD
142 AM CDT FRI APR 24 2015


...................................

...THE HURON SD CLIMATE SUMMARY FOR APRIL 23 2015...

CLIMATE NORMAL PERIOD 1981 TO 2010
CLIMATE RECORD PERIOD 1881 TO 2015


WEATHER ITEM   OBSERVED TIME   RECORD YEAR NORMAL DEPARTURE LAST
                VALUE   (LST)  VALUE       VALUE  FROM      YEAR
                                                  NORMAL
..................................................................
TEMPERATURE (F)
 YESTERDAY
  MAXIMUM         66    450 PM  91    2009  63      3       70
  MINIMUM         32    541 AM   8    2013  37     -5       50
  AVERAGE         49                        50     -1       60

PRECIPITATION (IN)
  YESTERDAY        0.00          1.23 2010   0.08  -0.08      T
  MONTH TO DATE    0.53                      1.69  -1.16     0.18
  SINCE MAR 1      0.69                      3.15  -2.46     0.65
  SINCE JAN 1      1.30                      4.25  -2.95     1.21

SNOWFALL (IN)
  YESTERDAY        0.0           2.8  2001   0.1   -0.1      0.0
  MONTH TO DATE    T                         3.6   -3.6      2.2
  SINCE MAR 1      1.2                      12.5  -11.3      6.9
  SINCE JUL 1     22.8                      43.5  -20.7     28.6
  SNOW DEPTH       0

DEGREE DAYS
 HEATING
  YESTERDAY       16                        15      1        5
  MONTH TO DATE  373                       462    -89      488
  SINCE MAR 1   1231                      1449   -218     1589
  SINCE JUL 1   7168                      7281   -113     7909

 COOLING
  YESTERDAY        0                         0      0        0
  MONTH TO DATE    0                         0      0        0
  SINCE MAR 1      2                         0      2        0
  SINCE JAN 1      2                         0      2        0
..................................................................


WIND (MPH)
  HIGHEST WIND SPEED    24   HIGHEST WIND DIRECTION     S (160)
  HIGHEST GUST SPEED    32   HIGHEST GUST DIRECTION     S (160)
  AVERAGE WIND SPEED    13.2


SKY COVER
  POSSIBLE SUNSHINE  MM
  AVERAGE SKY COVER 0.2


WEATHER CONDITIONS
 THE FOLLOWING WEATHER WAS RECORDED YESTERDAY.
  NO SIGNIFICANT WEATHER WAS OBSERVED.


RELATIVE HUMIDITY (PERCENT)
 HIGHEST    61           100 AM
 LOWEST     19          1200 PM
 AVERAGE    40

..........................................................


THE HURON SD CLIMATE NORMALS FOR TODAY
                         NORMAL    RECORD    YEAR
 MAXIMUM TEMPERATURE (F)   63        90      1906
 MINIMUM TEMPERATURE (F)   37        21      2005


SUNRISE AND SUNSET
APRIL 24 2015.........SUNRISE   635 AM CDT   SUNSET   828 PM CDT
APRIL 25 2015.........SUNRISE   633 AM CDT   SUNSET   829 PM CDT


-  INDICATES NEGATIVE NUMBERS.
R  INDICATES RECORD WAS SET OR TIED.
MM INDICATES DATA IS MISSING.
T  INDICATES TRACE AMOUNT.




$$
