000
CDUS43 KFSD 090631
CLIHON


CLIMATE REPORT
NATIONAL WEATHER SERVICE SIOUX FALLS SD
131 AM CDT THU APR 9 2015


...................................

...THE HURON SD CLIMATE SUMMARY FOR APRIL 8 2015...

CLIMATE NORMAL PERIOD 1981 TO 2010
CLIMATE RECORD PERIOD 1881 TO 2015


WEATHER ITEM   OBSERVED TIME   RECORD YEAR NORMAL DEPARTURE LAST
                VALUE   (LST)  VALUE       VALUE  FROM      YEAR
                                                  NORMAL
..................................................................
TEMPERATURE (F)
 YESTERDAY
  MAXIMUM         47    539 PM  94    1887  55     -8       58
  MINIMUM         37    813 AM   7    2007  31      6       28
  AVERAGE         42                        43     -1       43

PRECIPITATION (IN)
  YESTERDAY        0.00          0.93 1941   0.08  -0.08     0.00
  MONTH TO DATE    0.12                      0.54  -0.42      T
  SINCE MAR 1      0.28                      2.00  -1.72     0.47
  SINCE JAN 1      0.89                      3.10  -2.21     1.03

SNOWFALL (IN)
  YESTERDAY        0.0           4.1  1904   0.2   -0.2      0.0
  MONTH TO DATE    0.0                       1.5   -1.5       T
  SINCE MAR 1      1.2                      10.4   -9.2      4.7
  SINCE JUL 1     22.8                      41.4  -18.6     26.4
  SNOW DEPTH       0

DEGREE DAYS
 HEATING
  YESTERDAY       23                        22      1       22
  MONTH TO DATE  164                       187    -23      215
  SINCE MAR 1   1022                      1174   -152     1316
  SINCE JUL 1   6959                      7006    -47     7636

 COOLING
  YESTERDAY        0                         0      0        0
  MONTH TO DATE    0                         0      0        0
  SINCE MAR 1      2                         0      2        0
  SINCE JAN 1      2                         0      2        0
..................................................................


WIND (MPH)
  HIGHEST WIND SPEED    15   HIGHEST WIND DIRECTION     E (90)
  HIGHEST GUST SPEED    18   HIGHEST GUST DIRECTION     E (90)
  AVERAGE WIND SPEED     7.3


SKY COVER
  POSSIBLE SUNSHINE  MM
  AVERAGE SKY COVER 1.0


WEATHER CONDITIONS
 THE FOLLOWING WEATHER WAS RECORDED YESTERDAY.
  FOG


RELATIVE HUMIDITY (PERCENT)
 HIGHEST   100          1200 AM
 LOWEST     71           300 PM
 AVERAGE    86

..........................................................


THE HURON SD CLIMATE NORMALS FOR TODAY
                         NORMAL    RECORD    YEAR
 MAXIMUM TEMPERATURE (F)   56        91      1977
 MINIMUM TEMPERATURE (F)   31        10      1997
                                             1959


SUNRISE AND SUNSET
APRIL  9 2015.........SUNRISE   700 AM CDT   SUNSET   810 PM CDT
APRIL 10 2015.........SUNRISE   658 AM CDT   SUNSET   811 PM CDT


-  INDICATES NEGATIVE NUMBERS.
R  INDICATES RECORD WAS SET OR TIED.
MM INDICATES DATA IS MISSING.
T  INDICATES TRACE AMOUNT.




$$
