000
CDUS43 KFSD 300806
CLIHON


CLIMATE REPORT
NATIONAL WEATHER SERVICE SIOUX FALLS SD
306 AM CDT THU APR 30 2015


...................................

...THE HURON SD CLIMATE SUMMARY FOR APRIL 29 2015...

CLIMATE NORMAL PERIOD 1981 TO 2010
CLIMATE RECORD PERIOD 1881 TO 2015


WEATHER ITEM   OBSERVED TIME   RECORD YEAR NORMAL DEPARTURE LAST
                VALUE   (LST)  VALUE       VALUE  FROM      YEAR
                                                  NORMAL
..................................................................
TEMPERATURE (F)
 YESTERDAY
  MAXIMUM         72    418 PM  91    1934  65      7       54
  MINIMUM         32    256 AM  20    1958  40     -8       36
                                      1907
  AVERAGE         52                        52      0       45

PRECIPITATION (IN)
  YESTERDAY        0.00          0.89 1991   0.09  -0.09     0.02
  MONTH TO DATE    0.57                      2.22  -1.65     1.41
  SINCE MAR 1      0.73                      3.68  -2.95     1.88
  SINCE JAN 1      1.34                      4.78  -3.44     2.44

SNOWFALL (IN)
  YESTERDAY        0.0           5.3  1950   0.1   -0.1       T
  MONTH TO DATE    T                         4.0   -4.0      2.2
  SINCE MAR 1      1.2                      12.9  -11.7      6.9
  SINCE JUL 1     22.8                      43.9  -21.1     28.6
  SNOW DEPTH       0

DEGREE DAYS
 HEATING
  YESTERDAY       13                        13      0       20
  MONTH TO DATE  439                       546   -107      567
  SINCE MAR 1   1297                      1533   -236     1668
  SINCE JUL 1   7234                      7365   -131     7988

 COOLING
  YESTERDAY        0                         0      0        0
  MONTH TO DATE    0                         0      0        0
  SINCE MAR 1      2                         0      2        0
  SINCE JAN 1      2                         0      2        0
..................................................................


WIND (MPH)
  HIGHEST WIND SPEED    12   HIGHEST WIND DIRECTION    SE (140)
  HIGHEST GUST SPEED    17   HIGHEST GUST DIRECTION     W (260)
  AVERAGE WIND SPEED     4.5


SKY COVER
  POSSIBLE SUNSHINE  MM
  AVERAGE SKY COVER 0.0


WEATHER CONDITIONS
 THE FOLLOWING WEATHER WAS RECORDED YESTERDAY.
  NO SIGNIFICANT WEATHER WAS OBSERVED.


RELATIVE HUMIDITY (PERCENT)
 HIGHEST    89           500 AM
 LOWEST     19           400 PM
 AVERAGE    54

..........................................................


THE HURON SD CLIMATE NORMALS FOR TODAY
                         NORMAL    RECORD    YEAR
 MAXIMUM TEMPERATURE (F)   66        95      1992
 MINIMUM TEMPERATURE (F)   40        14      1950


SUNRISE AND SUNSET
APRIL 30 2015.........SUNRISE   625 AM CDT   SUNSET   836 PM CDT
MAY  1 2015...........SUNRISE   624 AM CDT   SUNSET   837 PM CDT


-  INDICATES NEGATIVE NUMBERS.
R  INDICATES RECORD WAS SET OR TIED.
MM INDICATES DATA IS MISSING.
T  INDICATES TRACE AMOUNT.




$$
