000
CDUS43 KFSD 250636
CLIHON


CLIMATE REPORT
NATIONAL WEATHER SERVICE SIOUX FALLS SD
134 AM CDT SAT APR 25 2015


...................................

...THE HURON SD CLIMATE SUMMARY FOR APRIL 24 2015...

CLIMATE NORMAL PERIOD 1981 TO 2010
CLIMATE RECORD PERIOD 1881 TO 2015


WEATHER ITEM   OBSERVED TIME   RECORD YEAR NORMAL DEPARTURE LAST
                VALUE   (LST)  VALUE       VALUE  FROM      YEAR
                                                  NORMAL
..................................................................
TEMPERATURE (F)
 YESTERDAY
  MAXIMUM         77    502 PM  90    1906  63     14       70
  MINIMUM         49   1137 PM  21    2005  37     12       40
  AVERAGE         63                        50     13       55

PRECIPITATION (IN)
  YESTERDAY        0.04          1.29 1935   0.09  -0.05      T
  MONTH TO DATE    0.57                      1.78  -1.21     0.18
  SINCE MAR 1      0.73                      3.24  -2.51     0.65
  SINCE JAN 1      1.34                      4.34  -3.00     1.21

SNOWFALL (IN)
  YESTERDAY        0.0           1.0  2009   0.1   -0.1      0.0
                                      1937
  MONTH TO DATE    T                         3.7   -3.7      2.2
  SINCE MAR 1      1.2                      12.6  -11.4      6.9
  SINCE JUL 1     22.8                      43.6  -20.8     28.6
  SNOW DEPTH       0

DEGREE DAYS
 HEATING
  YESTERDAY        2                        15    -13       10
  MONTH TO DATE  375                       477   -102      498
  SINCE MAR 1   1233                      1464   -231     1599
  SINCE JUL 1   7170                      7296   -126     7919

 COOLING
  YESTERDAY        0                         0      0        0
  MONTH TO DATE    0                         0      0        0
  SINCE MAR 1      2                         0      2        0
  SINCE JAN 1      2                         0      2        0
..................................................................


WIND (MPH)
  HIGHEST WIND SPEED    29   HIGHEST WIND DIRECTION     E (100)
  HIGHEST GUST SPEED    39   HIGHEST GUST DIRECTION     E (110)
  AVERAGE WIND SPEED    16.3


SKY COVER
  POSSIBLE SUNSHINE  MM
  AVERAGE SKY COVER 0.3


WEATHER CONDITIONS
 THE FOLLOWING WEATHER WAS RECORDED YESTERDAY.
  THUNDERSTORM
  LIGHT RAIN


RELATIVE HUMIDITY (PERCENT)
 HIGHEST    86          1100 PM
 LOWEST     36           400 PM
 AVERAGE    61

..........................................................


THE HURON SD CLIMATE NORMALS FOR TODAY
                         NORMAL    RECORD    YEAR
 MAXIMUM TEMPERATURE (F)   64        93      1962
 MINIMUM TEMPERATURE (F)   38        22      2013


SUNRISE AND SUNSET
APRIL 25 2015.........SUNRISE   633 AM CDT   SUNSET   829 PM CDT
APRIL 26 2015.........SUNRISE   631 AM CDT   SUNSET   831 PM CDT


-  INDICATES NEGATIVE NUMBERS.
R  INDICATES RECORD WAS SET OR TIED.
MM INDICATES DATA IS MISSING.
T  INDICATES TRACE AMOUNT.




$$
