000
CDUS43 KFSD 122225
CLIHON


CLIMATE REPORT
NATIONAL WEATHER SERVICE SIOUX FALLS SD
525 PM CDT SUN APR 12 2015


...................................

...THE HURON SD CLIMATE SUMMARY FOR APRIL 12 2015...
VALID TODAY AS OF 0500 PM LOCAL TIME.

CLIMATE NORMAL PERIOD 1981 TO 2010
CLIMATE RECORD PERIOD 1881 TO 2015


WEATHER ITEM   OBSERVED TIME   RECORD YEAR NORMAL DEPARTURE LAST
                VALUE   (LST)  VALUE       VALUE  FROM      YEAR
                                                  NORMAL
..................................................................
TEMPERATURE (F)
 TODAY
  MAXIMUM         73    202 PM  89    1931  58     15       72
  MINIMUM         50    638 AM   6    1961  33     17       44
  AVERAGE         62                        45     17       58

PRECIPITATION (IN)
  TODAY            0.00          2.28 1970   0.08  -0.08     0.00
  MONTH TO DATE    0.25                      0.83  -0.58      T
  SINCE MAR 1      0.41                      2.29  -1.88     0.47
  SINCE JAN 1      1.02                      3.39  -2.37     1.03

SNOWFALL (IN)
  TODAY            0.0           4.6  1970   0.1   -0.1      0.0
  MONTH TO DATE    T                         2.1   -2.1       T
  SINCE MAR 1      1.2                      11.0   -9.8      4.7
  SINCE JUL 1     22.8                      42.0  -19.2     26.4
  SNOW DEPTH       0

DEGREE DAYS
 HEATING
  TODAY            3                        20    -17        7
  MONTH TO DATE  211                       270    -59      257
  SINCE MAR 1   1069                      1257   -188     1358
  SINCE JUL 1   7006                      7089    -83     7678

 COOLING
  TODAY            0                         0      0        0
  MONTH TO DATE    0                         0      0        0
  SINCE MAR 1      2                         0      2        0
  SINCE JAN 1      2                         0      2        0
..................................................................


WIND (MPH)
  HIGHEST WIND SPEED    30   HIGHEST WIND DIRECTION    NW (320)
  HIGHEST GUST SPEED    36   HIGHEST GUST DIRECTION    NW (320)
  AVERAGE WIND SPEED    18.1


SKY COVER
  POSSIBLE SUNSHINE  MM
  AVERAGE SKY COVER 0.0


WEATHER CONDITIONS
 THE FOLLOWING WEATHER WAS RECORDED TODAY.
  NO SIGNIFICANT WEATHER WAS OBSERVED.


RELATIVE HUMIDITY (PERCENT)
 HIGHEST    80           600 AM
 LOWEST     20           400 PM
 AVERAGE    50

..........................................................


THE HURON SD CLIMATE NORMALS FOR TOMORROW
                         NORMAL    RECORD    YEAR
 MAXIMUM TEMPERATURE (F)   58        90      1908
 MINIMUM TEMPERATURE (F)   33        14      1950
                                             1928


SUNRISE AND SUNSET
APRIL 12 2015.........SUNRISE   655 AM CDT   SUNSET   813 PM CDT
APRIL 13 2015.........SUNRISE   653 AM CDT   SUNSET   815 PM CDT


-  INDICATES NEGATIVE NUMBERS.
R  INDICATES RECORD WAS SET OR TIED.
MM INDICATES DATA IS MISSING.
T  INDICATES TRACE AMOUNT.




$$
