000
CDUS43 KFSD 100630
CLIHON


CLIMATE REPORT
NATIONAL WEATHER SERVICE SIOUX FALLS SD
130 AM CDT FRI APR 10 2015


...................................

...THE HURON SD CLIMATE SUMMARY FOR APRIL 9 2015...

CLIMATE NORMAL PERIOD 1981 TO 2010
CLIMATE RECORD PERIOD 1881 TO 2015


WEATHER ITEM   OBSERVED TIME   RECORD YEAR NORMAL DEPARTURE LAST
                VALUE   (LST)  VALUE       VALUE  FROM      YEAR
                                                  NORMAL
..................................................................
TEMPERATURE (F)
 YESTERDAY
  MAXIMUM         61    516 PM  91    1977  56      5       85
  MINIMUM         36    748 AM  10    1997  31      5       35
                                      1959
  AVERAGE         49                        44      5       60

PRECIPITATION (IN)
  YESTERDAY        0.13          0.54 1995   0.07   0.06      T
  MONTH TO DATE    0.25                      0.61  -0.36      T
  SINCE MAR 1      0.41                      2.07  -1.66     0.47
  SINCE JAN 1      1.02                      3.17  -2.15     1.03

SNOWFALL (IN)
  YESTERDAY        T             7.8  1995   0.1   -0.1      0.0
  MONTH TO DATE    T                         1.6   -1.6       T
  SINCE MAR 1      1.2                      10.5   -9.3      4.7
  SINCE JUL 1     22.8                      41.5  -18.7     26.4
  SNOW DEPTH       0

DEGREE DAYS
 HEATING
  YESTERDAY       16                        21     -5        5
  MONTH TO DATE  180                       208    -28      220
  SINCE MAR 1   1038                      1195   -157     1321
  SINCE JUL 1   6975                      7027    -52     7641

 COOLING
  YESTERDAY        0                         0      0        0
  MONTH TO DATE    0                         0      0        0
  SINCE MAR 1      2                         0      2        0
  SINCE JAN 1      2                         0      2        0
..................................................................


WIND (MPH)
  HIGHEST WIND SPEED    33   HIGHEST WIND DIRECTION     N (350)
  HIGHEST GUST SPEED    43   HIGHEST GUST DIRECTION     N (350)
  AVERAGE WIND SPEED    18.6


SKY COVER
  POSSIBLE SUNSHINE  MM
  AVERAGE SKY COVER 0.8


WEATHER CONDITIONS
 THE FOLLOWING WEATHER WAS RECORDED YESTERDAY.
  RAIN
  LIGHT RAIN
  LIGHT SNOW
  FOG


RELATIVE HUMIDITY (PERCENT)
 HIGHEST    92           200 AM
 LOWEST     24           400 PM
 AVERAGE    58

..........................................................


THE HURON SD CLIMATE NORMALS FOR TODAY
                         NORMAL    RECORD    YEAR
 MAXIMUM TEMPERATURE (F)   57        87      1977
 MINIMUM TEMPERATURE (F)   32         9      1997


SUNRISE AND SUNSET
APRIL 10 2015.........SUNRISE   658 AM CDT   SUNSET   811 PM CDT
APRIL 11 2015.........SUNRISE   656 AM CDT   SUNSET   812 PM CDT


-  INDICATES NEGATIVE NUMBERS.
R  INDICATES RECORD WAS SET OR TIED.
MM INDICATES DATA IS MISSING.
T  INDICATES TRACE AMOUNT.




$$
