000
CDUS43 KFSD 080625
CLIHON


CLIMATE REPORT
NATIONAL WEATHER SERVICE SIOUX FALLS SD
124 AM CDT WED APR 8 2015


...................................

...THE HURON SD CLIMATE SUMMARY FOR APRIL 7 2015...

CLIMATE NORMAL PERIOD 1981 TO 2010
CLIMATE RECORD PERIOD 1881 TO 2015


WEATHER ITEM   OBSERVED TIME   RECORD YEAR NORMAL DEPARTURE LAST
                VALUE   (LST)  VALUE       VALUE  FROM      YEAR
                                                  NORMAL
..................................................................
TEMPERATURE (F)
 YESTERDAY
  MAXIMUM         41    608 PM  82    1988  55    -14       62
                                      1970
  MINIMUM         35    636 AM   9    1936  31      4       26
  AVERAGE         38                        43     -5       44

PRECIPITATION (IN)
  YESTERDAY        0.05          1.10 2000   0.07  -0.02      T
  MONTH TO DATE    0.12                      0.46  -0.34      T
  SINCE MAR 1      0.28                      1.92  -1.64     0.47
  SINCE JAN 1      0.89                      3.02  -2.13     1.03

SNOWFALL (IN)
  YESTERDAY        0.0          11.0  2000   0.2   -0.2      0.0
  MONTH TO DATE    0.0                       1.3   -1.3       T
  SINCE MAR 1      1.2                      10.2   -9.0      4.7
  SINCE JUL 1     22.8                      41.2  -18.4     26.4
  SNOW DEPTH       0

DEGREE DAYS
 HEATING
  YESTERDAY       27                        22      5       21
  MONTH TO DATE  141                       165    -24      193
  SINCE MAR 1    999                      1152   -153     1294
  SINCE JUL 1   6936                      6984    -48     7614

 COOLING
  YESTERDAY        0                         0      0        0
  MONTH TO DATE    0                         0      0        0
  SINCE MAR 1      2                         0      2        0
  SINCE JAN 1      2                         0      2        0
..................................................................


WIND (MPH)
  HIGHEST WIND SPEED    16   HIGHEST WIND DIRECTION     E (80)
  HIGHEST GUST SPEED    21   HIGHEST GUST DIRECTION     E (80)
  AVERAGE WIND SPEED     6.0


SKY COVER
  POSSIBLE SUNSHINE  MM
  AVERAGE SKY COVER 1.0


WEATHER CONDITIONS
 THE FOLLOWING WEATHER WAS RECORDED YESTERDAY.
  LIGHT RAIN
  FOG


RELATIVE HUMIDITY (PERCENT)
 HIGHEST   100           300 AM
 LOWEST     92          1200 AM
 AVERAGE    96

..........................................................


THE HURON SD CLIMATE NORMALS FOR TODAY
                         NORMAL    RECORD    YEAR
 MAXIMUM TEMPERATURE (F)   55        94      1887
 MINIMUM TEMPERATURE (F)   31         7      2007


SUNRISE AND SUNSET
APRIL  8 2015.........SUNRISE   702 AM CDT   SUNSET   809 PM CDT
APRIL  9 2015.........SUNRISE   700 AM CDT   SUNSET   810 PM CDT


-  INDICATES NEGATIVE NUMBERS.
R  INDICATES RECORD WAS SET OR TIED.
MM INDICATES DATA IS MISSING.
T  INDICATES TRACE AMOUNT.




$$
