000
CDUS43 KFSD 190658
CLIHON


CLIMATE REPORT
NATIONAL WEATHER SERVICE SIOUX FALLS SD
158 AM CDT SUN APR 19 2015


...................................

...THE HURON SD CLIMATE SUMMARY FOR APRIL 18 2015...

CLIMATE NORMAL PERIOD 1981 TO 2010
CLIMATE RECORD PERIOD 1881 TO 2015


WEATHER ITEM   OBSERVED TIME   RECORD YEAR NORMAL DEPARTURE LAST
                VALUE   (LST)  VALUE       VALUE  FROM      YEAR
                                                  NORMAL
..................................................................
TEMPERATURE (F)
 YESTERDAY
  MAXIMUM         69   1138 AM  91    1985  60      9       72
  MINIMUM         47    145 AM  14    1988  35     12       32
  AVERAGE         58                        48     10       52

PRECIPITATION (IN)
  YESTERDAY        0.28          1.82 1995   0.08   0.20     0.00
  MONTH TO DATE    0.53                      1.29  -0.76     0.17
  SINCE MAR 1      0.69                      2.75  -2.06     0.64
  SINCE JAN 1      1.30                      3.85  -2.55     1.20

SNOWFALL (IN)
  YESTERDAY        0.0           3.3  2013   0.1   -0.1      0.0
  MONTH TO DATE    T                         3.0   -3.0      2.2
  SINCE MAR 1      1.2                      11.9  -10.7      6.9
  SINCE JUL 1     22.8                      42.9  -20.1     28.6
  SNOW DEPTH       0

DEGREE DAYS
 HEATING
  YESTERDAY        7                        17    -10       13
  MONTH TO DATE  265                       381   -116      439
  SINCE MAR 1   1123                      1368   -245     1540
  SINCE JUL 1   7060                      7200   -140     7860

 COOLING
  YESTERDAY        0                         0      0        0
  MONTH TO DATE    0                         0      0        0
  SINCE MAR 1      2                         0      2        0
  SINCE JAN 1      2                         0      2        0
..................................................................


WIND (MPH)
  HIGHEST WIND SPEED    18   HIGHEST WIND DIRECTION    SE (150)
  HIGHEST GUST SPEED    24   HIGHEST GUST DIRECTION     S (170)
  AVERAGE WIND SPEED     6.3


SKY COVER
  POSSIBLE SUNSHINE  MM
  AVERAGE SKY COVER 0.7


WEATHER CONDITIONS
 THE FOLLOWING WEATHER WAS RECORDED YESTERDAY.
  RAIN
  LIGHT RAIN
  FOG


RELATIVE HUMIDITY (PERCENT)
 HIGHEST    93           400 PM
 LOWEST     21          1100 AM
 AVERAGE    57

..........................................................


THE HURON SD CLIMATE NORMALS FOR TODAY
                         NORMAL    RECORD    YEAR
 MAXIMUM TEMPERATURE (F)   61        88      1923
 MINIMUM TEMPERATURE (F)   35        16      1928


SUNRISE AND SUNSET
APRIL 19 2015.........SUNRISE   643 AM CDT   SUNSET   822 PM CDT
APRIL 20 2015.........SUNRISE   641 AM CDT   SUNSET   823 PM CDT


-  INDICATES NEGATIVE NUMBERS.
R  INDICATES RECORD WAS SET OR TIED.
MM INDICATES DATA IS MISSING.
T  INDICATES TRACE AMOUNT.




$$
