000
CDUS43 KFSD 010627
CLIHON


CLIMATE REPORT
NATIONAL WEATHER SERVICE SIOUX FALLS SD
126 AM CDT FRI MAY 1 2015


...................................

...THE HURON SD CLIMATE SUMMARY FOR APRIL 30 2015...

CLIMATE NORMAL PERIOD 1981 TO 2010
CLIMATE RECORD PERIOD 1881 TO 2015


WEATHER ITEM   OBSERVED TIME   RECORD YEAR NORMAL DEPARTURE LAST
                VALUE   (LST)  VALUE       VALUE  FROM      YEAR
                                                  NORMAL
..................................................................
TEMPERATURE (F)
 YESTERDAY
  MAXIMUM         79    350 PM  95    1992  66     13       45
  MINIMUM         42    527 AM  14    1950  40      2       35
  AVERAGE         61                        53      8       40

PRECIPITATION (IN)
  YESTERDAY        0.03          2.14 1898   0.09  -0.06      T
  MONTH TO DATE    0.60                      2.31  -1.71     1.41
  SINCE MAR 1      0.76                      3.77  -3.01     1.88
  SINCE JAN 1      1.37                      4.87  -3.50     2.44

SNOWFALL (IN)
  YESTERDAY        0.0           2.2  1954   0.0    0.0      0.0
  MONTH TO DATE    T                         4.0   -4.0      2.2
  SINCE MAR 1      1.2                      12.9  -11.7      6.9
  SINCE JUL 1     22.8                      43.9  -21.1     28.6
  SNOW DEPTH       0

DEGREE DAYS
 HEATING
  YESTERDAY        4                        13     -9       25
  MONTH TO DATE  443                       559   -116      592
  SINCE MAR 1   1301                      1546   -245     1693
  SINCE JUL 1   7238                      7378   -140     8013

 COOLING
  YESTERDAY        0                         0      0        0
  MONTH TO DATE    0                         4     -4        0
  SINCE MAR 1      2                         4     -2        0
  SINCE JAN 1      2                         4     -2        0
..................................................................


WIND (MPH)
  HIGHEST WIND SPEED    29   HIGHEST WIND DIRECTION    NW (320)
  HIGHEST GUST SPEED    34   HIGHEST GUST DIRECTION    NW (320)
  AVERAGE WIND SPEED    13.3


SKY COVER
  POSSIBLE SUNSHINE  MM
  AVERAGE SKY COVER 0.1


WEATHER CONDITIONS
 THE FOLLOWING WEATHER WAS RECORDED YESTERDAY.
  LIGHT RAIN
  FOG


RELATIVE HUMIDITY (PERCENT)
 HIGHEST    57           500 AM
 LOWEST     18           200 PM
 AVERAGE    38

..........................................................


THE HURON SD CLIMATE NORMALS FOR TODAY
                         NORMAL    RECORD    YEAR
 MAXIMUM TEMPERATURE (F)   66        99      1959
 MINIMUM TEMPERATURE (F)   40        17      1961


SUNRISE AND SUNSET
MAY  1 2015...........SUNRISE   624 AM CDT   SUNSET   837 PM CDT
MAY  2 2015...........SUNRISE   623 AM CDT   SUNSET   838 PM CDT


-  INDICATES NEGATIVE NUMBERS.
R  INDICATES RECORD WAS SET OR TIED.
MM INDICATES DATA IS MISSING.
T  INDICATES TRACE AMOUNT.




$$
