000
CDUS43 KFSD 260627
CLIHON


CLIMATE REPORT
NATIONAL WEATHER SERVICE SIOUX FALLS SD
127 AM CDT SUN APR 26 2015


...................................

...THE HURON SD CLIMATE SUMMARY FOR APRIL 25 2015...

CLIMATE NORMAL PERIOD 1981 TO 2010
CLIMATE RECORD PERIOD 1881 TO 2015


WEATHER ITEM   OBSERVED TIME   RECORD YEAR NORMAL DEPARTURE LAST
                VALUE   (LST)  VALUE       VALUE  FROM      YEAR
                                                  NORMAL
..................................................................
TEMPERATURE (F)
 YESTERDAY
  MAXIMUM         63    229 PM  93    1962  64     -1       75
  MINIMUM         47    913 AM  22    2013  38      9       38
  AVERAGE         55                        51      4       57

PRECIPITATION (IN)
  YESTERDAY        T             1.04 1886   0.09  -0.09     0.00
  MONTH TO DATE    0.57                      1.87  -1.30     0.18
  SINCE MAR 1      0.73                      3.33  -2.60     0.65
  SINCE JAN 1      1.34                      4.43  -3.09     1.21

SNOWFALL (IN)
  YESTERDAY        0.0           9.0  2008   0.0    0.0      0.0
  MONTH TO DATE    T                         3.7   -3.7      2.2
  SINCE MAR 1      1.2                      12.6  -11.4      6.9
  SINCE JUL 1     22.8                      43.6  -20.8     28.6
  SNOW DEPTH       0

DEGREE DAYS
 HEATING
  YESTERDAY       10                        15     -5        8
  MONTH TO DATE  385                       492   -107      506
  SINCE MAR 1   1243                      1479   -236     1607
  SINCE JUL 1   7180                      7311   -131     7927

 COOLING
  YESTERDAY        0                         0      0        0
  MONTH TO DATE    0                         0      0        0
  SINCE MAR 1      2                         0      2        0
  SINCE JAN 1      2                         0      2        0
..................................................................


WIND (MPH)
  HIGHEST WIND SPEED    25   HIGHEST WIND DIRECTION    SE (120)
  HIGHEST GUST SPEED    34   HIGHEST GUST DIRECTION    SE (120)
  AVERAGE WIND SPEED    10.8


SKY COVER
  POSSIBLE SUNSHINE  MM
  AVERAGE SKY COVER 0.9


WEATHER CONDITIONS
 THE FOLLOWING WEATHER WAS RECORDED YESTERDAY.
  FOG
  HAZE


RELATIVE HUMIDITY (PERCENT)
 HIGHEST    93           300 AM
 LOWEST     51           300 PM
 AVERAGE    72

..........................................................


THE HURON SD CLIMATE NORMALS FOR TODAY
                         NORMAL    RECORD    YEAR
 MAXIMUM TEMPERATURE (F)   64        91      1901
 MINIMUM TEMPERATURE (F)   38        22      1931


SUNRISE AND SUNSET
APRIL 26 2015.........SUNRISE   631 AM CDT   SUNSET   831 PM CDT
APRIL 27 2015.........SUNRISE   630 AM CDT   SUNSET   832 PM CDT


-  INDICATES NEGATIVE NUMBERS.
R  INDICATES RECORD WAS SET OR TIED.
MM INDICATES DATA IS MISSING.
T  INDICATES TRACE AMOUNT.




$$
