000
CDUS43 KFSD 172221
CLIHON


CLIMATE REPORT
NATIONAL WEATHER SERVICE SIOUX FALLS SD
521 PM CDT FRI APR 17 2015


...................................

...THE HURON SD CLIMATE SUMMARY FOR APRIL 17 2015...
VALID TODAY AS OF 0500 PM LOCAL TIME.

CLIMATE NORMAL PERIOD 1981 TO 2010
CLIMATE RECORD PERIOD 1881 TO 2015


WEATHER ITEM   OBSERVED TIME   RECORD YEAR NORMAL DEPARTURE LAST
                VALUE   (LST)  VALUE       VALUE  FROM      YEAR
                                                  NORMAL
..................................................................
TEMPERATURE (F)
 TODAY
  MAXIMUM         75    350 PM  87    1987  60     15       45
                                      1985
  MINIMUM         39    243 AM  12    1953  35      4       13
  AVERAGE         57                        47     10       29

PRECIPITATION (IN)
  TODAY            0.00          1.12 1896   0.07  -0.07     0.00
  MONTH TO DATE    0.25                      1.21  -0.96     0.17
  SINCE MAR 1      0.41                      2.67  -2.26     0.64
  SINCE JAN 1      1.02                      3.77  -2.75     1.20

SNOWFALL (IN)
  TODAY            0.0           2.2  1910   0.2   -0.2      0.0
  MONTH TO DATE    T                         2.9   -2.9      2.2
  SINCE MAR 1      1.2                      11.8  -10.6      6.9
  SINCE JUL 1     22.8                      42.8  -20.0     28.6
  SNOW DEPTH       0

DEGREE DAYS
 HEATING
  TODAY            8                        18    -10       36
  MONTH TO DATE  258                       364   -106      426
  SINCE MAR 1   1116                      1351   -235     1527
  SINCE JUL 1   7053                      7183   -130     7847

 COOLING
  TODAY            0                         0      0        0
  MONTH TO DATE    0                         0      0        0
  SINCE MAR 1      2                         0      2        0
  SINCE JAN 1      2                         0      2        0
..................................................................


WIND (MPH)
  HIGHEST WIND SPEED    15   HIGHEST WIND DIRECTION    NE (30)
  HIGHEST GUST SPEED    23   HIGHEST GUST DIRECTION    NE (30)
  AVERAGE WIND SPEED     6.9


SKY COVER
  POSSIBLE SUNSHINE  MM
  AVERAGE SKY COVER 0.1


WEATHER CONDITIONS
 THE FOLLOWING WEATHER WAS RECORDED TODAY.
  NO SIGNIFICANT WEATHER WAS OBSERVED.


RELATIVE HUMIDITY (PERCENT)
 HIGHEST    79           300 AM
 LOWEST     18           300 PM
 AVERAGE    49

..........................................................


THE HURON SD CLIMATE NORMALS FOR TOMORROW
                         NORMAL    RECORD    YEAR
 MAXIMUM TEMPERATURE (F)   60        91      1985
 MINIMUM TEMPERATURE (F)   35        14      1988


SUNRISE AND SUNSET
APRIL 17 2015.........SUNRISE   646 AM CDT   SUNSET   820 PM CDT
APRIL 18 2015.........SUNRISE   644 AM CDT   SUNSET   821 PM CDT


-  INDICATES NEGATIVE NUMBERS.
R  INDICATES RECORD WAS SET OR TIED.
MM INDICATES DATA IS MISSING.
T  INDICATES TRACE AMOUNT.




$$
