000
CDUS43 KFSD 140624
CLIHON


CLIMATE REPORT
NATIONAL WEATHER SERVICE SIOUX FALLS SD
123 AM CDT TUE APR 14 2015


...................................

...THE HURON SD CLIMATE SUMMARY FOR APRIL 13 2015...

CLIMATE NORMAL PERIOD 1981 TO 2010
CLIMATE RECORD PERIOD 1881 TO 2015


WEATHER ITEM   OBSERVED TIME   RECORD YEAR NORMAL DEPARTURE LAST
                VALUE   (LST)  VALUE       VALUE  FROM      YEAR
                                                  NORMAL
..................................................................
TEMPERATURE (F)
 YESTERDAY
  MAXIMUM         67    310 PM  90    1908  58      9       45
  MINIMUM         30    600 AM  14    1950  33     -3       26
                                      1928
  AVERAGE         49                        45      4       36

PRECIPITATION (IN)
  YESTERDAY        0.00          1.98 1892   0.08  -0.08     0.00
  MONTH TO DATE    0.25                      0.91  -0.66      T
  SINCE MAR 1      0.41                      2.37  -1.96     0.47
  SINCE JAN 1      1.02                      3.47  -2.45     1.03

SNOWFALL (IN)
  YESTERDAY        0.0           4.6  1928   0.2   -0.2      0.0
  MONTH TO DATE    T                         2.3   -2.3       T
  SINCE MAR 1      1.2                      11.2  -10.0      4.7
  SINCE JUL 1     22.8                      42.2  -19.4     26.4
  SNOW DEPTH       0

DEGREE DAYS
 HEATING
  YESTERDAY       16                        20     -4       29
  MONTH TO DATE  234                       290    -56      286
  SINCE MAR 1   1092                      1277   -185     1387
  SINCE JUL 1   7029                      7109    -80     7707

 COOLING
  YESTERDAY        0                         0      0        0
  MONTH TO DATE    0                         0      0        0
  SINCE MAR 1      2                         0      2        0
  SINCE JAN 1      2                         0      2        0
..................................................................


WIND (MPH)
  HIGHEST WIND SPEED    28   HIGHEST WIND DIRECTION     W (290)
  HIGHEST GUST SPEED    35   HIGHEST GUST DIRECTION     W (290)
  AVERAGE WIND SPEED    11.5


SKY COVER
  POSSIBLE SUNSHINE  MM
  AVERAGE SKY COVER 0.0


WEATHER CONDITIONS
 THE FOLLOWING WEATHER WAS RECORDED YESTERDAY.
  NO SIGNIFICANT WEATHER WAS OBSERVED.


RELATIVE HUMIDITY (PERCENT)
 HIGHEST    69           600 AM
 LOWEST     12           200 PM
 AVERAGE    41

..........................................................


THE HURON SD CLIMATE NORMALS FOR TODAY
                         NORMAL    RECORD    YEAR
 MAXIMUM TEMPERATURE (F)   59        91      2003
 MINIMUM TEMPERATURE (F)   33         6      1928


SUNRISE AND SUNSET
APRIL 14 2015.........SUNRISE   651 AM CDT   SUNSET   816 PM CDT
APRIL 15 2015.........SUNRISE   649 AM CDT   SUNSET   817 PM CDT


-  INDICATES NEGATIVE NUMBERS.
R  INDICATES RECORD WAS SET OR TIED.
MM INDICATES DATA IS MISSING.
T  INDICATES TRACE AMOUNT.




$$
