000
CDUS43 KFSD 060622
CLIHON


CLIMATE REPORT
NATIONAL WEATHER SERVICE SIOUX FALLS SD
121 AM CDT MON APR 6 2015


...................................

...THE HURON SD CLIMATE SUMMARY FOR APRIL 5 2015...

CLIMATE NORMAL PERIOD 1981 TO 2010
CLIMATE RECORD PERIOD 1881 TO 2015


WEATHER ITEM   OBSERVED TIME   RECORD YEAR NORMAL DEPARTURE LAST
                VALUE   (LST)  VALUE       VALUE  FROM      YEAR
                                                  NORMAL
..................................................................
TEMPERATURE (F)
 YESTERDAY
  MAXIMUM         64    305 PM  85    1992  54     10       69
  MINIMUM         39    636 AM   7    1926  30      9       28
  AVERAGE         52                        42     10       49

PRECIPITATION (IN)
  YESTERDAY        0.00          1.05 1997   0.07  -0.07     0.00
  MONTH TO DATE    T                         0.32  -0.32      T
  SINCE MAR 1      0.16                      1.78  -1.62     0.47
  SINCE JAN 1      0.77                      2.88  -2.11     1.03

SNOWFALL (IN)
  YESTERDAY        0.0          12.4  1938   0.1   -0.1      0.0
  MONTH TO DATE    0.0                       0.9   -0.9       T
  SINCE MAR 1      1.2                       9.8   -8.6      4.7
  SINCE JUL 1     22.8                      40.8  -18.0     26.4
  SNOW DEPTH       0

DEGREE DAYS
 HEATING
  YESTERDAY       13                        23    -10       16
  MONTH TO DATE   89                       120    -31      151
  SINCE MAR 1    947                      1107   -160     1252
  SINCE JUL 1   6884                      6939    -55     7572

 COOLING
  YESTERDAY        0                         0      0        0
  MONTH TO DATE    0                         0      0        0
  SINCE MAR 1      2                         0      2        0
  SINCE JAN 1      2                         0      2        0
..................................................................


WIND (MPH)
  HIGHEST WIND SPEED    29   HIGHEST WIND DIRECTION     E (100)
  HIGHEST GUST SPEED    37   HIGHEST GUST DIRECTION     E (90)
  AVERAGE WIND SPEED    17.0


SKY COVER
  POSSIBLE SUNSHINE  MM
  AVERAGE SKY COVER 0.1


WEATHER CONDITIONS
 THE FOLLOWING WEATHER WAS RECORDED YESTERDAY.
  NO SIGNIFICANT WEATHER WAS OBSERVED.


RELATIVE HUMIDITY (PERCENT)
 HIGHEST    55           700 AM
 LOWEST     34           200 PM
 AVERAGE    45

..........................................................


THE HURON SD CLIMATE NORMALS FOR TODAY
                         NORMAL    RECORD    YEAR
 MAXIMUM TEMPERATURE (F)   54        88      1991
 MINIMUM TEMPERATURE (F)   30         8      1990


SUNRISE AND SUNSET
APRIL  6 2015.........SUNRISE   705 AM CDT   SUNSET   806 PM CDT
APRIL  7 2015.........SUNRISE   704 AM CDT   SUNSET   807 PM CDT


-  INDICATES NEGATIVE NUMBERS.
R  INDICATES RECORD WAS SET OR TIED.
MM INDICATES DATA IS MISSING.
T  INDICATES TRACE AMOUNT.




$$
