000
CDUS43 KFSD 200628
CLIHON


CLIMATE REPORT
NATIONAL WEATHER SERVICE SIOUX FALLS SD
126 AM CDT MON APR 20 2015


...................................

...THE HURON SD CLIMATE SUMMARY FOR APRIL 19 2015...

CLIMATE NORMAL PERIOD 1981 TO 2010
CLIMATE RECORD PERIOD 1881 TO 2015


WEATHER ITEM   OBSERVED TIME   RECORD YEAR NORMAL DEPARTURE LAST
                VALUE   (LST)  VALUE       VALUE  FROM      YEAR
                                                  NORMAL
..................................................................
TEMPERATURE (F)
 YESTERDAY
  MAXIMUM         57    156 PM  88    1923  61     -4       70
  MINIMUM         44   1159 PM  16    1928  35      9       41
  AVERAGE         51                        48      3       56

PRECIPITATION (IN)
  YESTERDAY        T             1.29 1917   0.08  -0.08     0.00
  MONTH TO DATE    0.53                      1.37  -0.84     0.17
  SINCE MAR 1      0.69                      2.83  -2.14     0.64
  SINCE JAN 1      1.30                      3.93  -2.63     1.20

SNOWFALL (IN)
  YESTERDAY        0.0           4.0  1966   0.1   -0.1      0.0
  MONTH TO DATE    T                         3.1   -3.1      2.2
  SINCE MAR 1      1.2                      12.0  -10.8      6.9
  SINCE JUL 1     22.8                      43.0  -20.2     28.6
  SNOW DEPTH       0

DEGREE DAYS
 HEATING
  YESTERDAY       14                        17     -3        9
  MONTH TO DATE  279                       398   -119      448
  SINCE MAR 1   1137                      1385   -248     1549
  SINCE JUL 1   7074                      7217   -143     7869

 COOLING
  YESTERDAY        0                         0      0        0
  MONTH TO DATE    0                         0      0        0
  SINCE MAR 1      2                         0      2        0
  SINCE JAN 1      2                         0      2        0
..................................................................


WIND (MPH)
  HIGHEST WIND SPEED    35   HIGHEST WIND DIRECTION    NW (320)
  HIGHEST GUST SPEED    44   HIGHEST GUST DIRECTION    NW (310)
  AVERAGE WIND SPEED    22.7


SKY COVER
  POSSIBLE SUNSHINE  MM
  AVERAGE SKY COVER 0.7


WEATHER CONDITIONS
 THE FOLLOWING WEATHER WAS RECORDED YESTERDAY.
  LIGHT RAIN
  FOG


RELATIVE HUMIDITY (PERCENT)
 HIGHEST    93           400 AM
 LOWEST     36           200 PM
 AVERAGE    65

..........................................................


THE HURON SD CLIMATE NORMALS FOR TODAY
                         NORMAL    RECORD    YEAR
 MAXIMUM TEMPERATURE (F)   61        96      1980
 MINIMUM TEMPERATURE (F)   36        15      1966


SUNRISE AND SUNSET
APRIL 20 2015.........SUNRISE   641 AM CDT   SUNSET   823 PM CDT
APRIL 21 2015.........SUNRISE   639 AM CDT   SUNSET   825 PM CDT


-  INDICATES NEGATIVE NUMBERS.
R  INDICATES RECORD WAS SET OR TIED.
MM INDICATES DATA IS MISSING.
T  INDICATES TRACE AMOUNT.




$$
