000
CDUS43 KFSD 190658
CLIMHE


CLIMATE REPORT
NATIONAL WEATHER SERVICE SIOUX FALLS SD
158 AM CDT SUN APR 19 2015


...................................

...THE MITCHELL SD CLIMATE SUMMARY FOR APRIL 18 2015...

CLIMATE NORMAL PERIOD 1981 TO 2010
CLIMATE RECORD PERIOD 1893 TO 2015


WEATHER ITEM   OBSERVED TIME   RECORD YEAR NORMAL DEPARTURE LAST
                VALUE   (LST)  VALUE       VALUE  FROM      YEAR
                                                  NORMAL
..................................................................
TEMPERATURE (F)
 YESTERDAY
  MAXIMUM         62   1108 AM  92    1985  62      0       72
  MINIMUM         53    107 PM  17    1953  36     17       34
  AVERAGE         58                        49      9       53

PRECIPITATION (IN)
  YESTERDAY        0.22          3.29 1955   0.09   0.13     0.00
  MONTH TO DATE    0.48                      1.04  -0.56     0.11
  SINCE MAR 1      0.61                      2.10  -1.49     1.15
  SINCE JAN 1      1.38                      2.66  -1.28     1.65

SNOWFALL (IN)
  YESTERDAY        0.0           3.3  2013  MM     MM        0.0
  MONTH TO DATE    0.0                      MM     MM         T
  SINCE MAR 1      0.7                      MM     MM        8.6
  SINCE JUL 1     22.6                      MM     MM       30.8
  SNOW DEPTH       0

DEGREE DAYS
 HEATING
  YESTERDAY        7                        16     -9       12
  MONTH TO DATE  239                       360   -121      399
  SINCE MAR 1   1007                      1318   -311     1445
  SINCE JUL 1   6497                      6840   -343     7395

 COOLING
  YESTERDAY        0                         0      0        0
  MONTH TO DATE    0                         0      0        0
  SINCE MAR 1      4                         0      4        0
  SINCE JAN 1      4                         0      4        0
..................................................................


WIND (MPH)
  HIGHEST WIND SPEED    15   HIGHEST WIND DIRECTION    SE (120)
  HIGHEST GUST SPEED    20   HIGHEST GUST DIRECTION     E (110)
  AVERAGE WIND SPEED     6.9


SKY COVER
  POSSIBLE SUNSHINE  MM
  AVERAGE SKY COVER 0.9


WEATHER CONDITIONS
 THE FOLLOWING WEATHER WAS RECORDED YESTERDAY.
  HEAVY RAIN
  RAIN
  LIGHT RAIN
  FOG


RELATIVE HUMIDITY (PERCENT)
 HIGHEST   100          1000 PM
 LOWEST     32           300 AM
 AVERAGE    66

..........................................................


THE MITCHELL SD CLIMATE NORMALS FOR TODAY
                         NORMAL    RECORD    YEAR
 MAXIMUM TEMPERATURE (F)   62        90      1923
 MINIMUM TEMPERATURE (F)   37        16      1928


SUNRISE AND SUNSET
APRIL 19 2015.........SUNRISE   643 AM CDT   SUNSET   820 PM CDT
APRIL 20 2015.........SUNRISE   641 AM CDT   SUNSET   822 PM CDT


-  INDICATES NEGATIVE NUMBERS.
R  INDICATES RECORD WAS SET OR TIED.
MM INDICATES DATA IS MISSING.
T  INDICATES TRACE AMOUNT.




$$
