000
CDUS43 KFSD 140624
CLIMHE


CLIMATE REPORT
NATIONAL WEATHER SERVICE SIOUX FALLS SD
123 AM CDT TUE APR 14 2015


...................................

...THE MITCHELL SD CLIMATE SUMMARY FOR APRIL 13 2015...

CLIMATE NORMAL PERIOD 1981 TO 2010
CLIMATE RECORD PERIOD 1893 TO 2015


WEATHER ITEM   OBSERVED TIME   RECORD YEAR NORMAL DEPARTURE LAST
                VALUE   (LST)  VALUE       VALUE  FROM      YEAR
                                                  NORMAL
..................................................................
TEMPERATURE (F)
 YESTERDAY
  MAXIMUM         69    333 PM  91    1908  59     10       46
  MINIMUM         35    616 AM  15    1950  34      1       28
                                      1909
                                      1907
  AVERAGE         52                        47      5       37

PRECIPITATION (IN)
  YESTERDAY        0.00          2.00 1986   0.08  -0.08     0.11
  MONTH TO DATE    0.26                      0.64  -0.38     0.11
  SINCE MAR 1      0.39                      1.70  -1.31     1.15
  SINCE JAN 1      1.16                      2.26  -1.10     1.65

SNOWFALL (IN)
  YESTERDAY        0.0           2.0  1970  MM     MM        0.0
                                      1905
  MONTH TO DATE    0.0                      MM     MM         T
  SINCE MAR 1      0.7                      MM     MM        8.6
  SINCE JUL 1     22.6                      MM     MM       30.8
  SNOW DEPTH       0

DEGREE DAYS
 HEATING
  YESTERDAY       13                        18     -5       28
  MONTH TO DATE  204                       276    -72      266
  SINCE MAR 1    972                      1234   -262     1312
  SINCE JUL 1   6462                      6756   -294     7262

 COOLING
  YESTERDAY        0                         0      0        0
  MONTH TO DATE    0                         0      0        0
  SINCE MAR 1      4                         0      4        0
  SINCE JAN 1      4                         0      4        0
..................................................................


WIND (MPH)
  HIGHEST WIND SPEED    30   HIGHEST WIND DIRECTION    NW (300)
  HIGHEST GUST SPEED    39   HIGHEST GUST DIRECTION     W (280)
  AVERAGE WIND SPEED    12.3


SKY COVER
  POSSIBLE SUNSHINE  MM
  AVERAGE SKY COVER 0.0


WEATHER CONDITIONS
 THE FOLLOWING WEATHER WAS RECORDED YESTERDAY.
  NO SIGNIFICANT WEATHER WAS OBSERVED.


RELATIVE HUMIDITY (PERCENT)
 HIGHEST    56           600 AM
 LOWEST     14           200 PM
 AVERAGE    35

..........................................................


THE MITCHELL SD CLIMATE NORMALS FOR TODAY
                         NORMAL    RECORD    YEAR
 MAXIMUM TEMPERATURE (F)   60        91      2003
                                             1908
 MINIMUM TEMPERATURE (F)   35         9      1928


SUNRISE AND SUNSET
APRIL 14 2015.........SUNRISE   651 AM CDT   SUNSET   814 PM CDT
APRIL 15 2015.........SUNRISE   650 AM CDT   SUNSET   816 PM CDT


-  INDICATES NEGATIVE NUMBERS.
R  INDICATES RECORD WAS SET OR TIED.
MM INDICATES DATA IS MISSING.
T  INDICATES TRACE AMOUNT.




$$
