000
CDUS43 KFSD 290703
CLIMHE


CLIMATE REPORT
NATIONAL WEATHER SERVICE SIOUX FALLS SD
202 AM CDT WED APR 29 2015


...................................

...THE MITCHELL SD CLIMATE SUMMARY FOR APRIL 28 2015...

CLIMATE NORMAL PERIOD 1981 TO 2010
CLIMATE RECORD PERIOD 1893 TO 2015


WEATHER ITEM   OBSERVED TIME   RECORD YEAR NORMAL DEPARTURE LAST
                VALUE   (LST)  VALUE       VALUE  FROM      YEAR
                                                  NORMAL
..................................................................
TEMPERATURE (F)
 YESTERDAY
  MAXIMUM         68    515 PM  95    1910  66      2       57
  MINIMUM         45    232 AM  24    2008  41      4       43
                                      1907
  AVERAGE         57                        54      3       50

PRECIPITATION (IN)
  YESTERDAY        T             1.34 1906   0.10  -0.10     0.29
  MONTH TO DATE    1.42                      1.98  -0.56     0.43
  SINCE MAR 1      1.55                      3.04  -1.49     1.47
  SINCE JAN 1      2.32                      3.60  -1.28     1.97

SNOWFALL (IN)
  YESTERDAY        0.0           7.0  1994  MM     MM        0.0
  MONTH TO DATE    0.0                      MM     MM         T
  SINCE MAR 1      0.7                      MM     MM        8.6
  SINCE JUL 1     22.6                      MM     MM       30.8
  SNOW DEPTH       0

DEGREE DAYS
 HEATING
  YESTERDAY        8                        12     -4       15
  MONTH TO DATE  380                       496   -116      483
  SINCE MAR 1   1148                      1454   -306     1529
  SINCE JUL 1   6638                      6976   -338     7479

 COOLING
  YESTERDAY        0                         0      0        0
  MONTH TO DATE    2                         0      2        0
  SINCE MAR 1      6                         0      6        0
  SINCE JAN 1      6                         0      6        0
..................................................................


WIND (MPH)
  HIGHEST WIND SPEED    21   HIGHEST WIND DIRECTION     N (360)
  HIGHEST GUST SPEED    24   HIGHEST GUST DIRECTION     N (350)
  AVERAGE WIND SPEED    10.8


SKY COVER
  POSSIBLE SUNSHINE  MM
  AVERAGE SKY COVER 0.4


WEATHER CONDITIONS
 THE FOLLOWING WEATHER WAS RECORDED YESTERDAY.
  LIGHT RAIN


RELATIVE HUMIDITY (PERCENT)
 HIGHEST    89           200 AM
 LOWEST     24           600 PM
 AVERAGE    57

..........................................................


THE MITCHELL SD CLIMATE NORMALS FOR TODAY
                         NORMAL    RECORD    YEAR
 MAXIMUM TEMPERATURE (F)   67        93      1934
 MINIMUM TEMPERATURE (F)   41        12      1907


SUNRISE AND SUNSET
APRIL 29 2015.........SUNRISE   627 AM CDT   SUNSET   832 PM CDT
APRIL 30 2015.........SUNRISE   626 AM CDT   SUNSET   833 PM CDT


-  INDICATES NEGATIVE NUMBERS.
R  INDICATES RECORD WAS SET OR TIED.
MM INDICATES DATA IS MISSING.
T  INDICATES TRACE AMOUNT.




$$
