000
CDUS43 KFSD 090631
CLIMHE


CLIMATE REPORT
NATIONAL WEATHER SERVICE SIOUX FALLS SD
131 AM CDT THU APR 9 2015


...................................

...THE MITCHELL SD CLIMATE SUMMARY FOR APRIL 8 2015...

CLIMATE NORMAL PERIOD 1981 TO 2010
CLIMATE RECORD PERIOD 1893 TO 2015


WEATHER ITEM   OBSERVED TIME   RECORD YEAR NORMAL DEPARTURE LAST
                VALUE   (LST)  VALUE       VALUE  FROM      YEAR
                                                  NORMAL
..................................................................
TEMPERATURE (F)
 YESTERDAY
  MAXIMUM         46    436 PM  84    1934  56    -10       58
  MINIMUM         38    706 AM  10    1997  32      6       32
  AVERAGE         42                        44     -2       45

PRECIPITATION (IN)
  YESTERDAY        0.00          1.47 1999   0.06  -0.06     0.00
  MONTH TO DATE    0.06                      0.28  -0.22      T
  SINCE MAR 1      0.19                      1.34  -1.15     1.04
  SINCE JAN 1      0.96                      1.90  -0.94     1.54

SNOWFALL (IN)
  YESTERDAY        0.0           5.0  1904  MM     MM        0.0
  MONTH TO DATE    0.0                      MM     MM         T
  SINCE MAR 1      0.7                      MM     MM        8.6
  SINCE JUL 1     22.6                      MM     MM       30.8
  SNOW DEPTH       0

DEGREE DAYS
 HEATING
  YESTERDAY       23                        21      2       20
  MONTH TO DATE  144                       180    -36      205
  SINCE MAR 1    912                      1138   -226     1251
  SINCE JUL 1   6402                      6660   -258     7201

 COOLING
  YESTERDAY        0                         0      0        0
  MONTH TO DATE    0                         0      0        0
  SINCE MAR 1      4                         0      4        0
  SINCE JAN 1      4                         0      4        0
..................................................................


WIND (MPH)
  HIGHEST WIND SPEED    18   HIGHEST WIND DIRECTION    SE (120)
  HIGHEST GUST SPEED    22   HIGHEST GUST DIRECTION     E (110)
  AVERAGE WIND SPEED     7.8


SKY COVER
  POSSIBLE SUNSHINE  MM
  AVERAGE SKY COVER 1.0


WEATHER CONDITIONS
 THE FOLLOWING WEATHER WAS RECORDED YESTERDAY.
  FOG


RELATIVE HUMIDITY (PERCENT)
 HIGHEST   100          1200 AM
 LOWEST     83           400 PM
 AVERAGE    92

..........................................................


THE MITCHELL SD CLIMATE NORMALS FOR TODAY
                         NORMAL    RECORD    YEAR
 MAXIMUM TEMPERATURE (F)   57        92      1977
                                             1930
 MINIMUM TEMPERATURE (F)   32        10      1997


SUNRISE AND SUNSET
APRIL  9 2015.........SUNRISE   700 AM CDT   SUNSET   808 PM CDT
APRIL 10 2015.........SUNRISE   658 AM CDT   SUNSET   810 PM CDT


-  INDICATES NEGATIVE NUMBERS.
R  INDICATES RECORD WAS SET OR TIED.
MM INDICATES DATA IS MISSING.
T  INDICATES TRACE AMOUNT.




$$
