000
CDUS43 KFSD 050649
CLIMHE


CLIMATE REPORT
NATIONAL WEATHER SERVICE SIOUX FALLS SD
148 AM CDT TUE MAY 5 2015


...................................

...THE MITCHELL SD CLIMATE SUMMARY FOR MAY 4 2015...

CLIMATE NORMAL PERIOD 1981 TO 2010
CLIMATE RECORD PERIOD 1893 TO 2015


WEATHER ITEM   OBSERVED TIME   RECORD YEAR NORMAL DEPARTURE LAST
                VALUE   (LST)  VALUE       VALUE  FROM      YEAR
                                                  NORMAL
..................................................................
TEMPERATURE (F)
 YESTERDAY
  MAXIMUM         75    408 PM  99    1926  68      7       58
  MINIMUM         38    541 AM  20    1967  43     -5       39
  AVERAGE         57                        56      1       49

PRECIPITATION (IN)
  YESTERDAY        0.00          1.44 2012   0.10  -0.10     0.01
  MONTH TO DATE    0.03                      0.37  -0.34     0.01
  SINCE MAR 1      1.58                      3.61  -2.03     1.58
  SINCE JAN 1      2.35                      4.17  -1.82     2.08

SNOWFALL (IN)
  YESTERDAY        0.0           T    1944  MM     MM        0.0
  MONTH TO DATE    0.0                      MM     MM        0.0
  SINCE MAR 1      0.7                      MM     MM        8.6
  SINCE JUL 1     22.6                      MM     MM       30.8
  SNOW DEPTH       0

DEGREE DAYS
 HEATING
  YESTERDAY        8                        10     -2       16
  MONTH TO DATE    9                        41    -32       58
  SINCE MAR 1   1173                      1519   -346     1631
  SINCE JUL 1   6663                      7041   -378     7581

 COOLING
  YESTERDAY        0                         1     -1        0
  MONTH TO DATE    2                         1      1        0
  SINCE MAR 1      8                         3      5        0
  SINCE JAN 1      8                         3      5        0
..................................................................


WIND (MPH)
  HIGHEST WIND SPEED    17   HIGHEST WIND DIRECTION    NE (60)
  HIGHEST GUST SPEED    25   HIGHEST GUST DIRECTION     E (70)
  AVERAGE WIND SPEED     8.4


SKY COVER
  POSSIBLE SUNSHINE  MM
  AVERAGE SKY COVER 0.0


WEATHER CONDITIONS
 THE FOLLOWING WEATHER WAS RECORDED YESTERDAY.
  NO SIGNIFICANT WEATHER WAS OBSERVED.


RELATIVE HUMIDITY (PERCENT)
 HIGHEST    79           400 AM
 LOWEST     16           300 PM
 AVERAGE    48

..........................................................


THE MITCHELL SD CLIMATE NORMALS FOR TODAY
                         NORMAL    RECORD    YEAR
 MAXIMUM TEMPERATURE (F)   68        95      2004
 MINIMUM TEMPERATURE (F)   44        26      1954


SUNRISE AND SUNSET
MAY  5 2015...........SUNRISE   619 AM CDT   SUNSET   839 PM CDT
MAY  6 2015...........SUNRISE   618 AM CDT   SUNSET   840 PM CDT


-  INDICATES NEGATIVE NUMBERS.
R  INDICATES RECORD WAS SET OR TIED.
MM INDICATES DATA IS MISSING.
T  INDICATES TRACE AMOUNT.




$$
