000
CDUS43 KFSD 150626
CLIMHE


CLIMATE REPORT
NATIONAL WEATHER SERVICE SIOUX FALLS SD
124 AM CDT WED APR 15 2015


...................................

...THE MITCHELL SD CLIMATE SUMMARY FOR APRIL 14 2015...

CLIMATE NORMAL PERIOD 1981 TO 2010
CLIMATE RECORD PERIOD 1893 TO 2015


WEATHER ITEM   OBSERVED TIME   RECORD YEAR NORMAL DEPARTURE LAST
                VALUE   (LST)  VALUE       VALUE  FROM      YEAR
                                                  NORMAL
..................................................................
TEMPERATURE (F)
 YESTERDAY
  MAXIMUM         78    227 PM  91    2003  60     18       40
                                      1908
  MINIMUM         36    322 AM   9    1928  35      1       20
  AVERAGE         57                        47     10       30

PRECIPITATION (IN)
  YESTERDAY        0.00          1.61 1941   0.07  -0.07     0.00
  MONTH TO DATE    0.26                      0.71  -0.45     0.11
  SINCE MAR 1      0.39                      1.77  -1.38     1.15
  SINCE JAN 1      1.16                      2.33  -1.17     1.65

SNOWFALL (IN)
  YESTERDAY        0.0           3.8  1928  MM     MM        0.0
  MONTH TO DATE    0.0                      MM     MM         T
  SINCE MAR 1      0.7                      MM     MM        8.6
  SINCE JUL 1     22.6                      MM     MM       30.8
  SNOW DEPTH       0

DEGREE DAYS
 HEATING
  YESTERDAY        8                        18    -10       35
  MONTH TO DATE  212                       294    -82      301
  SINCE MAR 1    980                      1252   -272     1347
  SINCE JUL 1   6470                      6774   -304     7297

 COOLING
  YESTERDAY        0                         0      0        0
  MONTH TO DATE    0                         0      0        0
  SINCE MAR 1      4                         0      4        0
  SINCE JAN 1      4                         0      4        0
..................................................................


WIND (MPH)
  HIGHEST WIND SPEED    30   HIGHEST WIND DIRECTION     S (170)
  HIGHEST GUST SPEED    39   HIGHEST GUST DIRECTION    SE (150)
  AVERAGE WIND SPEED    16.4


SKY COVER
  POSSIBLE SUNSHINE  MM
  AVERAGE SKY COVER 0.0


WEATHER CONDITIONS
 THE FOLLOWING WEATHER WAS RECORDED YESTERDAY.
  NO SIGNIFICANT WEATHER WAS OBSERVED.


RELATIVE HUMIDITY (PERCENT)
 HIGHEST    64           200 AM
 LOWEST     12           200 PM
 AVERAGE    38

..........................................................


THE MITCHELL SD CLIMATE NORMALS FOR TODAY
                         NORMAL    RECORD    YEAR
 MAXIMUM TEMPERATURE (F)   60        88      1898
 MINIMUM TEMPERATURE (F)   35        18      2014


SUNRISE AND SUNSET
APRIL 15 2015.........SUNRISE   650 AM CDT   SUNSET   816 PM CDT
APRIL 16 2015.........SUNRISE   648 AM CDT   SUNSET   817 PM CDT


-  INDICATES NEGATIVE NUMBERS.
R  INDICATES RECORD WAS SET OR TIED.
MM INDICATES DATA IS MISSING.
T  INDICATES TRACE AMOUNT.




$$
