000
CDUS43 KFSD 220625
CLIMHE


CLIMATE REPORT
NATIONAL WEATHER SERVICE SIOUX FALLS SD
122 AM CDT WED APR 22 2015


...................................

...THE MITCHELL SD CLIMATE SUMMARY FOR APRIL 21 2015...

CLIMATE NORMAL PERIOD 1981 TO 2010
CLIMATE RECORD PERIOD 1893 TO 2015


WEATHER ITEM   OBSERVED TIME   RECORD YEAR NORMAL DEPARTURE LAST
                VALUE   (LST)  VALUE       VALUE  FROM      YEAR
                                                  NORMAL
..................................................................
TEMPERATURE (F)
 YESTERDAY
  MAXIMUM         55    342 PM  97    1980  63     -8       70
  MINIMUM         29    619 AM  15    1927  38     -9       42
  AVERAGE         42                        50     -8       56

PRECIPITATION (IN)
  YESTERDAY        0.00          1.37 1921   0.09  -0.09      T
  MONTH TO DATE    0.49                      1.30  -0.81     0.11
  SINCE MAR 1      0.62                      2.36  -1.74     1.15
  SINCE JAN 1      1.39                      2.92  -1.53     1.65

SNOWFALL (IN)
  YESTERDAY        0.0           2.0  1927  MM     MM        0.0
  MONTH TO DATE    0.0                      MM     MM         T
  SINCE MAR 1      0.7                      MM     MM        8.6
  SINCE JUL 1     22.6                      MM     MM       30.8
  SNOW DEPTH       0

DEGREE DAYS
 HEATING
  YESTERDAY       23                        15      8        9
  MONTH TO DATE  297                       405   -108      423
  SINCE MAR 1   1065                      1363   -298     1469
  SINCE JUL 1   6555                      6885   -330     7419

 COOLING
  YESTERDAY        0                         0      0        0
  MONTH TO DATE    0                         0      0        0
  SINCE MAR 1      4                         0      4        0
  SINCE JAN 1      4                         0      4        0
..................................................................


WIND (MPH)
  HIGHEST WIND SPEED    31   HIGHEST WIND DIRECTION     N (340)
  HIGHEST GUST SPEED    40   HIGHEST GUST DIRECTION     N (340)
  AVERAGE WIND SPEED    14.9


SKY COVER
  POSSIBLE SUNSHINE  MM
  AVERAGE SKY COVER 0.3


WEATHER CONDITIONS
 THE FOLLOWING WEATHER WAS RECORDED YESTERDAY.
  NO SIGNIFICANT WEATHER WAS OBSERVED.


RELATIVE HUMIDITY (PERCENT)
 HIGHEST    63          1100 PM
 LOWEST     24           400 PM
 AVERAGE    44

..........................................................


THE MITCHELL SD CLIMATE NORMALS FOR TODAY
                         NORMAL    RECORD    YEAR
 MAXIMUM TEMPERATURE (F)   64        93      1990
 MINIMUM TEMPERATURE (F)   38        23      1927


SUNRISE AND SUNSET
APRIL 22 2015.........SUNRISE   638 AM CDT   SUNSET   824 PM CDT
APRIL 23 2015.........SUNRISE   637 AM CDT   SUNSET   825 PM CDT


-  INDICATES NEGATIVE NUMBERS.
R  INDICATES RECORD WAS SET OR TIED.
MM INDICATES DATA IS MISSING.
T  INDICATES TRACE AMOUNT.




$$
