000
CDUS43 KFSD 010627
CLIMHE


CLIMATE REPORT
NATIONAL WEATHER SERVICE SIOUX FALLS SD
126 AM CDT FRI MAY 1 2015


...................................

...THE MITCHELL SD CLIMATE SUMMARY FOR APRIL 30 2015...

CLIMATE NORMAL PERIOD 1981 TO 2010
CLIMATE RECORD PERIOD 1893 TO 2015


WEATHER ITEM   OBSERVED TIME   RECORD YEAR NORMAL DEPARTURE LAST
                VALUE   (LST)  VALUE       VALUE  FROM      YEAR
                                                  NORMAL
..................................................................
TEMPERATURE (F)
 YESTERDAY
  MAXIMUM         79    437 PM  96    1992  67     12       46
                                      1934
  MINIMUM         42    543 AM  14    1903  42      0       37
  AVERAGE         61                        54      7       42

PRECIPITATION (IN)
  YESTERDAY        T             1.40 1911   0.10  -0.10     0.01
  MONTH TO DATE    1.42                      2.18  -0.76     0.53
  SINCE MAR 1      1.55                      3.24  -1.69     1.57
  SINCE JAN 1      2.32                      3.80  -1.48     2.07

SNOWFALL (IN)
  YESTERDAY        0.0           0.5  1954  MM     MM        0.0
  MONTH TO DATE    0.0                      MM     MM         T
  SINCE MAR 1      0.7                      MM     MM        8.6
  SINCE JUL 1     22.6                      MM     MM       30.8
  SNOW DEPTH       0

DEGREE DAYS
 HEATING
  YESTERDAY        4                        11     -7       23
  MONTH TO DATE  396                       518   -122      527
  SINCE MAR 1   1164                      1478   -314     1573
  SINCE JUL 1   6654                      7000   -346     7523

 COOLING
  YESTERDAY        0                         0      0        0
  MONTH TO DATE    2                         2      0        0
  SINCE MAR 1      6                         2      4        0
  SINCE JAN 1      6                         2      4        0
..................................................................


WIND (MPH)
  HIGHEST WIND SPEED    23   HIGHEST WIND DIRECTION     S (170)
  HIGHEST GUST SPEED    31   HIGHEST GUST DIRECTION     S (170)
  AVERAGE WIND SPEED    13.1


SKY COVER
  POSSIBLE SUNSHINE  MM
  AVERAGE SKY COVER 0.0


WEATHER CONDITIONS
 THE FOLLOWING WEATHER WAS RECORDED YESTERDAY.
  LIGHT RAIN


RELATIVE HUMIDITY (PERCENT)
 HIGHEST    62           400 AM
 LOWEST     19          1200 PM
 AVERAGE    41

..........................................................


THE MITCHELL SD CLIMATE NORMALS FOR TODAY
                         NORMAL    RECORD    YEAR
 MAXIMUM TEMPERATURE (F)   67        98      1959
 MINIMUM TEMPERATURE (F)   42        19      1909


SUNRISE AND SUNSET
MAY  1 2015...........SUNRISE   625 AM CDT   SUNSET   835 PM CDT
MAY  2 2015...........SUNRISE   623 AM CDT   SUNSET   836 PM CDT


-  INDICATES NEGATIVE NUMBERS.
R  INDICATES RECORD WAS SET OR TIED.
MM INDICATES DATA IS MISSING.
T  INDICATES TRACE AMOUNT.




$$
