000
CDUS43 KFSD 200628
CLIMHE


CLIMATE REPORT
NATIONAL WEATHER SERVICE SIOUX FALLS SD
128 AM CDT MON APR 20 2015


...................................

...THE MITCHELL SD CLIMATE SUMMARY FOR APRIL 19 2015...

CLIMATE NORMAL PERIOD 1981 TO 2010
CLIMATE RECORD PERIOD 1893 TO 2015


WEATHER ITEM   OBSERVED TIME   RECORD YEAR NORMAL DEPARTURE LAST
                VALUE   (LST)  VALUE       VALUE  FROM      YEAR
                                                  NORMAL
..................................................................
TEMPERATURE (F)
 YESTERDAY
  MAXIMUM         57    347 PM  90    1923  62     -5       69
  MINIMUM         44   1126 PM  16    1928  37      7       47
  AVERAGE         51                        50      1       58

PRECIPITATION (IN)
  YESTERDAY        0.01          1.24 2012   0.08  -0.07      T
  MONTH TO DATE    0.49                      1.12  -0.63     0.11
  SINCE MAR 1      0.62                      2.18  -1.56     1.15
  SINCE JAN 1      1.39                      2.74  -1.35     1.65

SNOWFALL (IN)
  YESTERDAY       MM             2.5  1966  MM     MM        0.0
  MONTH TO DATE    0.0                      MM     MM         T
  SINCE MAR 1      0.7                      MM     MM        8.6
  SINCE JUL 1     22.6                      MM     MM       30.8
  SNOW DEPTH       0

DEGREE DAYS
 HEATING
  YESTERDAY       14                        15     -1        7
  MONTH TO DATE  253                       375   -122      406
  SINCE MAR 1   1021                      1333   -312     1452
  SINCE JUL 1   6511                      6855   -344     7402

 COOLING
  YESTERDAY        0                         0      0        0
  MONTH TO DATE    0                         0      0        0
  SINCE MAR 1      4                         0      4        0
  SINCE JAN 1      4                         0      4        0
..................................................................


WIND (MPH)
  HIGHEST WIND SPEED    36   HIGHEST WIND DIRECTION    NW (320)
  HIGHEST GUST SPEED    43   HIGHEST GUST DIRECTION     N (340)
  AVERAGE WIND SPEED    22.3


SKY COVER
  POSSIBLE SUNSHINE  MM
  AVERAGE SKY COVER 0.8


WEATHER CONDITIONS
 THE FOLLOWING WEATHER WAS RECORDED YESTERDAY.
  LIGHT RAIN
  FOG


RELATIVE HUMIDITY (PERCENT)
 HIGHEST   100          1200 AM
 LOWEST     38           100 PM
 AVERAGE    69

..........................................................


THE MITCHELL SD CLIMATE NORMALS FOR TODAY
                         NORMAL    RECORD    YEAR
 MAXIMUM TEMPERATURE (F)   63        94      1980
 MINIMUM TEMPERATURE (F)   37        14      1966


SUNRISE AND SUNSET
APRIL 20 2015.........SUNRISE   641 AM CDT   SUNSET   822 PM CDT
APRIL 21 2015.........SUNRISE   640 AM CDT   SUNSET   823 PM CDT


-  INDICATES NEGATIVE NUMBERS.
R  INDICATES RECORD WAS SET OR TIED.
MM INDICATES DATA IS MISSING.
T  INDICATES TRACE AMOUNT.




$$
