000
CDUS43 KFSD 060622
CLIMHE


CLIMATE REPORT
NATIONAL WEATHER SERVICE SIOUX FALLS SD
121 AM CDT MON APR 6 2015


...................................

...THE MITCHELL SD CLIMATE SUMMARY FOR APRIL 5 2015...

CLIMATE NORMAL PERIOD 1981 TO 2010
CLIMATE RECORD PERIOD 1893 TO 2015


WEATHER ITEM   OBSERVED TIME   RECORD YEAR NORMAL DEPARTURE LAST
                VALUE   (LST)  VALUE       VALUE  FROM      YEAR
                                                  NORMAL
..................................................................
TEMPERATURE (F)
 YESTERDAY
  MAXIMUM         71    529 PM  85    1992  55     16       67
  MINIMUM         34    519 AM  10    1899  31      3       28
  AVERAGE         53                        43     10       48

PRECIPITATION (IN)
  YESTERDAY        0.00          1.42 1999   0.03  -0.03     0.00
  MONTH TO DATE    0.00                      0.13  -0.13      T
  SINCE MAR 1      0.13                      1.19  -1.06     1.04
  SINCE JAN 1      0.90                      1.75  -0.85     1.54

SNOWFALL (IN)
  YESTERDAY        0.0           2.0  1938  MM     MM        0.0
  MONTH TO DATE    0.0                      MM     MM         T
  SINCE MAR 1      0.7                      MM     MM        8.6
  SINCE JUL 1     22.6                      MM     MM       30.8
  SNOW DEPTH       0

DEGREE DAYS
 HEATING
  YESTERDAY       12                        22    -10       17
  MONTH TO DATE   73                       116    -43      150
  SINCE MAR 1    841                      1074   -233     1196
  SINCE JUL 1   6331                      6596   -265     7146

 COOLING
  YESTERDAY        0                         0      0        0
  MONTH TO DATE    0                         0      0        0
  SINCE MAR 1      4                         0      4        0
  SINCE JAN 1      4                         0      4        0
..................................................................


WIND (MPH)
  HIGHEST WIND SPEED    28   HIGHEST WIND DIRECTION     E (70)
  HIGHEST GUST SPEED    34   HIGHEST GUST DIRECTION     E (70)
  AVERAGE WIND SPEED    12.9


SKY COVER
  POSSIBLE SUNSHINE  MM
  AVERAGE SKY COVER 0.0


WEATHER CONDITIONS
 THE FOLLOWING WEATHER WAS RECORDED YESTERDAY.
  NO SIGNIFICANT WEATHER WAS OBSERVED.


RELATIVE HUMIDITY (PERCENT)
 HIGHEST    70           600 AM
 LOWEST     20           200 PM
 AVERAGE    45

..........................................................


THE MITCHELL SD CLIMATE NORMALS FOR TODAY
                         NORMAL    RECORD    YEAR
 MAXIMUM TEMPERATURE (F)   55        87      1991
 MINIMUM TEMPERATURE (F)   31        10      1982


SUNRISE AND SUNSET
APRIL  6 2015.........SUNRISE   705 AM CDT   SUNSET   805 PM CDT
APRIL  7 2015.........SUNRISE   703 AM CDT   SUNSET   806 PM CDT


-  INDICATES NEGATIVE NUMBERS.
R  INDICATES RECORD WAS SET OR TIED.
MM INDICATES DATA IS MISSING.
T  INDICATES TRACE AMOUNT.




$$
