000
CDUS43 KFSD 030643
CLIMHE


CLIMATE REPORT
NATIONAL WEATHER SERVICE SIOUX FALLS SD
143 AM CDT SUN MAY 3 2015


...................................

...THE MITCHELL SD CLIMATE SUMMARY FOR MAY 2 2015...

CLIMATE NORMAL PERIOD 1981 TO 2010
CLIMATE RECORD PERIOD 1893 TO 2015


WEATHER ITEM   OBSERVED TIME   RECORD YEAR NORMAL DEPARTURE LAST
                VALUE   (LST)  VALUE       VALUE  FROM      YEAR
                                                  NORMAL
..................................................................
TEMPERATURE (F)
 YESTERDAY
  MAXIMUM         85    356 PM  94    1955  68     17       66
  MINIMUM         48    547 AM  22    1967  43      5       39
  AVERAGE         67                        55     12       53

PRECIPITATION (IN)
  YESTERDAY        0.00          1.54 1899   0.10  -0.10     0.00
  MONTH TO DATE    0.03                      0.18  -0.15      T
  SINCE MAR 1      1.58                      3.42  -1.84     1.57
  SINCE JAN 1      2.35                      3.98  -1.63     2.07

SNOWFALL (IN)
  YESTERDAY        0.0           T    1967  MM     MM        0.0
                                      1954
  MONTH TO DATE    0.0                      MM     MM        0.0
  SINCE MAR 1      0.7                      MM     MM        8.6
  SINCE JUL 1     22.6                      MM     MM       30.8
  SNOW DEPTH       0

DEGREE DAYS
 HEATING
  YESTERDAY        0                        10    -10       12
  MONTH TO DATE    1                        21    -20       28
  SINCE MAR 1   1165                      1499   -334     1601
  SINCE JUL 1   6655                      7021   -366     7551

 COOLING
  YESTERDAY        2                         0      2        0
  MONTH TO DATE    2                         0      2        0
  SINCE MAR 1      8                         2      6        0
  SINCE JAN 1      8                         2      6        0
..................................................................


WIND (MPH)
  HIGHEST WIND SPEED    22   HIGHEST WIND DIRECTION     S (160)
  HIGHEST GUST SPEED    26   HIGHEST GUST DIRECTION     S (160)
  AVERAGE WIND SPEED    10.2


SKY COVER
  POSSIBLE SUNSHINE  MM
  AVERAGE SKY COVER 0.0


WEATHER CONDITIONS
 THE FOLLOWING WEATHER WAS RECORDED YESTERDAY.
  FOG
  HAZE


RELATIVE HUMIDITY (PERCENT)
 HIGHEST    93           400 AM
 LOWEST     22           300 PM
 AVERAGE    58

..........................................................


THE MITCHELL SD CLIMATE NORMALS FOR TODAY
                         NORMAL    RECORD    YEAR
 MAXIMUM TEMPERATURE (F)   68        92      1918
 MINIMUM TEMPERATURE (F)   43        18      1967


SUNRISE AND SUNSET
MAY  3 2015...........SUNRISE   622 AM CDT   SUNSET   837 PM CDT
MAY  4 2015...........SUNRISE   620 AM CDT   SUNSET   838 PM CDT


-  INDICATES NEGATIVE NUMBERS.
R  INDICATES RECORD WAS SET OR TIED.
MM INDICATES DATA IS MISSING.
T  INDICATES TRACE AMOUNT.




$$
