000
CDUS43 KFSD 280634
CLIMHE


CLIMATE REPORT
NATIONAL WEATHER SERVICE SIOUX FALLS SD
132 AM CDT TUE APR 28 2015


...................................

...THE MITCHELL SD CLIMATE SUMMARY FOR APRIL 27 2015...

CLIMATE NORMAL PERIOD 1981 TO 2010
CLIMATE RECORD PERIOD 1893 TO 2015


WEATHER ITEM   OBSERVED TIME   RECORD YEAR NORMAL DEPARTURE LAST
                VALUE   (LST)  VALUE       VALUE  FROM      YEAR
                                                  NORMAL
..................................................................
TEMPERATURE (F)
 YESTERDAY
  MAXIMUM         71    519 PM  89    1952  66      5       61
  MINIMUM         35    614 AM  19    1909  40     -5       48
  AVERAGE         53                        53      0       55

PRECIPITATION (IN)
  YESTERDAY        0.00          1.15 1971   0.10  -0.10      T
  MONTH TO DATE    1.42                      1.88  -0.46     0.14
  SINCE MAR 1      1.55                      2.94  -1.39     1.18
  SINCE JAN 1      2.32                      3.50  -1.18     1.68

SNOWFALL (IN)
  YESTERDAY        0.0          12.0  1907  MM     MM        0.0
  MONTH TO DATE    0.0                      MM     MM         T
  SINCE MAR 1      0.7                      MM     MM        8.6
  SINCE JUL 1     22.6                      MM     MM       30.8
  SNOW DEPTH       0

DEGREE DAYS
 HEATING
  YESTERDAY       12                        12      0       10
  MONTH TO DATE  372                       484   -112      468
  SINCE MAR 1   1140                      1442   -302     1514
  SINCE JUL 1   6630                      6964   -334     7464

 COOLING
  YESTERDAY        0                         0      0        0
  MONTH TO DATE    2                         0      2        0
  SINCE MAR 1      6                         0      6        0
  SINCE JAN 1      6                         0      6        0
..................................................................


WIND (MPH)
  HIGHEST WIND SPEED    18   HIGHEST WIND DIRECTION    NW (330)
  HIGHEST GUST SPEED    23   HIGHEST GUST DIRECTION    NW (330)
  AVERAGE WIND SPEED     4.8


SKY COVER
  POSSIBLE SUNSHINE  MM
  AVERAGE SKY COVER 0.0


WEATHER CONDITIONS
 THE FOLLOWING WEATHER WAS RECORDED YESTERDAY.
  NO SIGNIFICANT WEATHER WAS OBSERVED.


RELATIVE HUMIDITY (PERCENT)
 HIGHEST    85           400 AM
 LOWEST     17           500 PM
 AVERAGE    51

..........................................................


THE MITCHELL SD CLIMATE NORMALS FOR TODAY
                         NORMAL    RECORD    YEAR
 MAXIMUM TEMPERATURE (F)   66        95      1910
 MINIMUM TEMPERATURE (F)   41        24      2008
                                             1907


SUNRISE AND SUNSET
APRIL 28 2015.........SUNRISE   629 AM CDT   SUNSET   831 PM CDT
APRIL 29 2015.........SUNRISE   627 AM CDT   SUNSET   832 PM CDT


-  INDICATES NEGATIVE NUMBERS.
R  INDICATES RECORD WAS SET OR TIED.
MM INDICATES DATA IS MISSING.
T  INDICATES TRACE AMOUNT.




$$
