000
CDUS43 KFSD 080625
CLIMHE


CLIMATE REPORT
NATIONAL WEATHER SERVICE SIOUX FALLS SD
124 AM CDT WED APR 8 2015


...................................

...THE MITCHELL SD CLIMATE SUMMARY FOR APRIL 7 2015...

CLIMATE NORMAL PERIOD 1981 TO 2010
CLIMATE RECORD PERIOD 1893 TO 2015


WEATHER ITEM   OBSERVED TIME   RECORD YEAR NORMAL DEPARTURE LAST
                VALUE   (LST)  VALUE       VALUE  FROM      YEAR
                                                  NORMAL
..................................................................
TEMPERATURE (F)
 YESTERDAY
  MAXIMUM         43    438 PM  85    1970  56    -13       62
  MINIMUM         38    812 AM  10    1936  32      6       33
  AVERAGE         41                        44     -3       48

PRECIPITATION (IN)
  YESTERDAY        0.01          1.40 1908   0.05  -0.04      T
  MONTH TO DATE    0.06                      0.22  -0.16      T
  SINCE MAR 1      0.19                      1.28  -1.09     1.04
  SINCE JAN 1      0.96                      1.84  -0.88     1.54

SNOWFALL (IN)
  YESTERDAY       MM            11.0  1982  MM     MM        0.0
  MONTH TO DATE    0.0                      MM     MM         T
  SINCE MAR 1      0.7                      MM     MM        8.6
  SINCE JUL 1     22.6                      MM     MM       30.8
  SNOW DEPTH       0

DEGREE DAYS
 HEATING
  YESTERDAY       24                        21      3       17
  MONTH TO DATE  121                       159    -38      185
  SINCE MAR 1    889                      1117   -228     1231
  SINCE JUL 1   6379                      6639   -260     7181

 COOLING
  YESTERDAY        0                         0      0        0
  MONTH TO DATE    0                         0      0        0
  SINCE MAR 1      4                         0      4        0
  SINCE JAN 1      4                         0      4        0
..................................................................


WIND (MPH)
  HIGHEST WIND SPEED    15   HIGHEST WIND DIRECTION    NE (60)
  HIGHEST GUST SPEED    18   HIGHEST GUST DIRECTION    NE (60)
  AVERAGE WIND SPEED     6.7


SKY COVER
  POSSIBLE SUNSHINE  MM
  AVERAGE SKY COVER 1.0


WEATHER CONDITIONS
 THE FOLLOWING WEATHER WAS RECORDED YESTERDAY.
  LIGHT RAIN
  FOG


RELATIVE HUMIDITY (PERCENT)
 HIGHEST   100           700 AM
 LOWEST     85           100 AM
 AVERAGE    93

..........................................................


THE MITCHELL SD CLIMATE NORMALS FOR TODAY
                         NORMAL    RECORD    YEAR
 MAXIMUM TEMPERATURE (F)   56        84      1934
 MINIMUM TEMPERATURE (F)   32        10      1997


SUNRISE AND SUNSET
APRIL  8 2015.........SUNRISE   702 AM CDT   SUNSET   807 PM CDT
APRIL  9 2015.........SUNRISE   700 AM CDT   SUNSET   808 PM CDT


-  INDICATES NEGATIVE NUMBERS.
R  INDICATES RECORD WAS SET OR TIED.
MM INDICATES DATA IS MISSING.
T  INDICATES TRACE AMOUNT.




$$
