000
CDUS43 KFSD 242239
CLIMHE


CLIMATE REPORT
NATIONAL WEATHER SERVICE SIOUX FALLS SD
538 PM CDT FRI APR 24 2015


...................................

...THE MITCHELL SD CLIMATE SUMMARY FOR APRIL 24 2015...
VALID TODAY AS OF 0500 PM LOCAL TIME.

CLIMATE NORMAL PERIOD 1981 TO 2010
CLIMATE RECORD PERIOD 1893 TO 2015


WEATHER ITEM   OBSERVED TIME   RECORD YEAR NORMAL DEPARTURE LAST
                VALUE   (LST)  VALUE       VALUE  FROM      YEAR
                                                  NORMAL
..................................................................
TEMPERATURE (F)
 TODAY
  MAXIMUM         81    343 PM  91    1906  65     16       71
  MINIMUM         53    700 AM  23    1919  39     14       45
  AVERAGE         67                        52     15       58

PRECIPITATION (IN)
  TODAY            0.00          1.30 1929   0.10  -0.10     0.02
  MONTH TO DATE    0.49                      1.59  -1.10     0.14
  SINCE MAR 1      0.62                      2.65  -2.03     1.18
  SINCE JAN 1      1.39                      3.21  -1.82     1.68

SNOWFALL (IN)
  TODAY            0.0           2.0  1937  MM     MM        0.0
  MONTH TO DATE    0.0                      MM     MM         T
  SINCE MAR 1      0.7                      MM     MM        8.6
  SINCE JUL 1     22.6                      MM     MM       30.8
  SNOW DEPTH       0

DEGREE DAYS
 HEATING
  TODAY            0                        13    -13        7
  MONTH TO DATE  337                       446   -109      448
  SINCE MAR 1   1105                      1404   -299     1494
  SINCE JUL 1   6595                      6926   -331     7444

 COOLING
  TODAY            2                         0      2        0
  MONTH TO DATE    2                         0      2        0
  SINCE MAR 1      6                         0      6        0
  SINCE JAN 1      6                         0      6        0
..................................................................


WIND (MPH)
  HIGHEST WIND SPEED    25   HIGHEST WIND DIRECTION     S (160)
  HIGHEST GUST SPEED    31   HIGHEST GUST DIRECTION     S (170)
  AVERAGE WIND SPEED    16.0


SKY COVER
  POSSIBLE SUNSHINE  MM
  AVERAGE SKY COVER 0.2


WEATHER CONDITIONS
 THE FOLLOWING WEATHER WAS RECORDED TODAY.
  THUNDERSTORM


RELATIVE HUMIDITY (PERCENT)
 HIGHEST    64           800 AM
 LOWEST     33           400 PM
 AVERAGE    49

..........................................................


THE MITCHELL SD CLIMATE NORMALS FOR TOMORROW
                         NORMAL    RECORD    YEAR
 MAXIMUM TEMPERATURE (F)   65        97      1962
 MINIMUM TEMPERATURE (F)   40        23      1907


SUNRISE AND SUNSET
APRIL 24 2015.........SUNRISE   635 AM CDT   SUNSET   826 PM CDT
APRIL 25 2015.........SUNRISE   633 AM CDT   SUNSET   828 PM CDT


-  INDICATES NEGATIVE NUMBERS.
R  INDICATES RECORD WAS SET OR TIED.
MM INDICATES DATA IS MISSING.
T  INDICATES TRACE AMOUNT.




$$
