000
CDUS43 KFSD 130636
CLIMHE


CLIMATE REPORT
NATIONAL WEATHER SERVICE SIOUX FALLS SD
136 AM CDT MON APR 13 2015


...................................

...THE MITCHELL SD CLIMATE SUMMARY FOR APRIL 12 2015...

CLIMATE NORMAL PERIOD 1981 TO 2010
CLIMATE RECORD PERIOD 1893 TO 2015


WEATHER ITEM   OBSERVED TIME   RECORD YEAR NORMAL DEPARTURE LAST
                VALUE   (LST)  VALUE       VALUE  FROM      YEAR
                                                  NORMAL
..................................................................
TEMPERATURE (F)
 YESTERDAY
  MAXIMUM         77   1244 PM  91    1931  59     18       74
  MINIMUM         43   1159 PM  15    1997  34      9       40
                                      1957
  AVERAGE         60                        46     14       57

PRECIPITATION (IN)
  YESTERDAY        0.00          1.72 1983   0.07  -0.07      T
  MONTH TO DATE    0.26                      0.56  -0.30      T
  SINCE MAR 1      0.39                      1.62  -1.23     1.04
  SINCE JAN 1      1.16                      2.18  -1.02     1.54

SNOWFALL (IN)
  YESTERDAY        0.0           4.0  1996  MM     MM        0.0
                                      1995
  MONTH TO DATE    0.0                      MM     MM         T
  SINCE MAR 1      0.7                      MM     MM        8.6
  SINCE JUL 1     22.6                      MM     MM       30.8
  SNOW DEPTH       0

DEGREE DAYS
 HEATING
  YESTERDAY        5                        19    -14        8
  MONTH TO DATE  191                       258    -67      238
  SINCE MAR 1    959                      1216   -257     1284
  SINCE JUL 1   6449                      6738   -289     7234

 COOLING
  YESTERDAY        0                         0      0        0
  MONTH TO DATE    0                         0      0        0
  SINCE MAR 1      4                         0      4        0
  SINCE JAN 1      4                         0      4        0
..................................................................


WIND (MPH)
  HIGHEST WIND SPEED    32   HIGHEST WIND DIRECTION    NW (320)
  HIGHEST GUST SPEED    39   HIGHEST GUST DIRECTION    NW (320)
  AVERAGE WIND SPEED    17.0


SKY COVER
  POSSIBLE SUNSHINE  MM
  AVERAGE SKY COVER 0.0


WEATHER CONDITIONS
 THE FOLLOWING WEATHER WAS RECORDED YESTERDAY.
  NO SIGNIFICANT WEATHER WAS OBSERVED.


RELATIVE HUMIDITY (PERCENT)
 HIGHEST    77           600 AM
 LOWEST     20           300 PM
 AVERAGE    49

..........................................................


THE MITCHELL SD CLIMATE NORMALS FOR TODAY
                         NORMAL    RECORD    YEAR
 MAXIMUM TEMPERATURE (F)   59        91      1908
 MINIMUM TEMPERATURE (F)   34        15      1950
                                             1909
                                             1907


SUNRISE AND SUNSET
APRIL 13 2015.........SUNRISE   653 AM CDT   SUNSET   813 PM CDT
APRIL 14 2015.........SUNRISE   651 AM CDT   SUNSET   814 PM CDT


-  INDICATES NEGATIVE NUMBERS.
R  INDICATES RECORD WAS SET OR TIED.
MM INDICATES DATA IS MISSING.
T  INDICATES TRACE AMOUNT.




$$
