000
CDUS43 KFSD 010627
CLISUX


CLIMATE REPORT
NATIONAL WEATHER SERVICE SIOUX FALLS SD
126 AM CDT FRI MAY 1 2015


...................................

...THE SIOUX CITY IA CLIMATE SUMMARY FOR APRIL 30 2015...

CLIMATE NORMAL PERIOD 1981 TO 2010
CLIMATE RECORD PERIOD 1889 TO 2015


WEATHER ITEM   OBSERVED TIME   RECORD YEAR NORMAL DEPARTURE LAST
                VALUE   (LST)  VALUE       VALUE  FROM      YEAR
                                                  NORMAL
..................................................................
TEMPERATURE (F)
 YESTERDAY
  MAXIMUM         78    331 PM  93    2007  68     10       45
                                      1965
  MINIMUM         36    551 AM  22    1903  43     -7       40
  AVERAGE         57                        55      2       43

PRECIPITATION (IN)
  YESTERDAY        0.00          1.23 2003   0.11  -0.11     0.07
  MONTH TO DATE    2.53                      2.95  -0.42     2.07
  SINCE MAR 1      3.41                      4.95  -1.54     2.45
  SINCE JAN 1      4.37                      6.24  -1.87     3.22

SNOWFALL (IN)
  YESTERDAY        0.0           0.5  1903   0.0    0.0      0.0
  MONTH TO DATE    0.0                       1.8   -1.8      5.3
  SINCE MAR 1      T                         8.3   -8.3     10.0
  SINCE JUL 1     21.5                      34.8  -13.3     23.8
  SNOW DEPTH       0

DEGREE DAYS
 HEATING
  YESTERDAY        8                        10     -2       22
  MONTH TO DATE  368                       475   -107      465
  SINCE MAR 1   1075                      1358   -283     1445
  SINCE JUL 1   6241                      6652   -411     7049

 COOLING
  YESTERDAY        0                         1     -1        0
  MONTH TO DATE    1                        11    -10        9
  SINCE MAR 1      1                        11    -10        9
  SINCE JAN 1      1                        11    -10        9
..................................................................


WIND (MPH)
  HIGHEST WIND SPEED    16   HIGHEST WIND DIRECTION    SE (140)
  HIGHEST GUST SPEED    24   HIGHEST GUST DIRECTION     S (170)
  AVERAGE WIND SPEED     6.7


SKY COVER
  POSSIBLE SUNSHINE  MM
  AVERAGE SKY COVER 0.0


WEATHER CONDITIONS
 THE FOLLOWING WEATHER WAS RECORDED YESTERDAY.
  NO SIGNIFICANT WEATHER WAS OBSERVED.


RELATIVE HUMIDITY (PERCENT)
 HIGHEST    76           500 AM
 LOWEST     15           400 PM
 AVERAGE    46

..........................................................


THE SIOUX CITY IA CLIMATE NORMALS FOR TODAY
                         NORMAL    RECORD    YEAR
 MAXIMUM TEMPERATURE (F)   68        93      1987
                                             1959
 MINIMUM TEMPERATURE (F)   43        23      1909


SUNRISE AND SUNSET
MAY  1 2015...........SUNRISE   621 AM CDT   SUNSET   825 PM CDT
MAY  2 2015...........SUNRISE   620 AM CDT   SUNSET   826 PM CDT


-  INDICATES NEGATIVE NUMBERS.
R  INDICATES RECORD WAS SET OR TIED.
MM INDICATES DATA IS MISSING.
T  INDICATES TRACE AMOUNT.




$$
