000
CDUS43 KFSD 300806
CLISUX


CLIMATE REPORT
NATIONAL WEATHER SERVICE SIOUX FALLS SD
306 AM CDT THU APR 30 2015


...................................

...THE SIOUX CITY IA CLIMATE SUMMARY FOR APRIL 29 2015...

CLIMATE NORMAL PERIOD 1981 TO 2010
CLIMATE RECORD PERIOD 1889 TO 2015


WEATHER ITEM   OBSERVED TIME   RECORD YEAR NORMAL DEPARTURE LAST
                VALUE   (LST)  VALUE       VALUE  FROM      YEAR
                                                  NORMAL
..................................................................
TEMPERATURE (F)
 YESTERDAY
  MAXIMUM         73    407 PM  93    2007  68      5       47
                                      1891
  MINIMUM         41    553 AM  25    1958  42     -1       40
  AVERAGE         57                        55      2       44

PRECIPITATION (IN)
  YESTERDAY        0.00          1.67 1920   0.10  -0.10     0.44
  MONTH TO DATE    2.53                      2.84  -0.31     2.00
  SINCE MAR 1      3.41                      4.84  -1.43     2.38
  SINCE JAN 1      4.37                      6.13  -1.76     3.15

SNOWFALL (IN)
  YESTERDAY        0.0           5.0  1984   0.0    0.0      0.0
  MONTH TO DATE    0.0                       1.8   -1.8      5.3
  SINCE MAR 1      T                         8.3   -8.3     10.0
  SINCE JUL 1     21.5                      34.8  -13.3     23.8
  SNOW DEPTH       0

DEGREE DAYS
 HEATING
  YESTERDAY        8                        11     -3       21
  MONTH TO DATE  360                       465   -105      443
  SINCE MAR 1   1067                      1349   -282     1423
  SINCE JUL 1   6233                      6643   -410     7027

 COOLING
  YESTERDAY        0                         1     -1        0
  MONTH TO DATE    1                         9     -8        9
  SINCE MAR 1      1                         9     -8        9
  SINCE JAN 1      1                         9     -8        9
..................................................................


WIND (MPH)
  HIGHEST WIND SPEED    15   HIGHEST WIND DIRECTION     N (10)
  HIGHEST GUST SPEED    20   HIGHEST GUST DIRECTION     N (10)
  AVERAGE WIND SPEED     6.8


SKY COVER
  POSSIBLE SUNSHINE  MM
  AVERAGE SKY COVER 0.0


WEATHER CONDITIONS
 THE FOLLOWING WEATHER WAS RECORDED YESTERDAY.
  NO SIGNIFICANT WEATHER WAS OBSERVED.


RELATIVE HUMIDITY (PERCENT)
 HIGHEST    70           200 AM
 LOWEST     15           500 PM
 AVERAGE    43

..........................................................


THE SIOUX CITY IA CLIMATE NORMALS FOR TODAY
                         NORMAL    RECORD    YEAR
 MAXIMUM TEMPERATURE (F)   68        93      2007
                                             1965
 MINIMUM TEMPERATURE (F)   43        22      1903


SUNRISE AND SUNSET
APRIL 30 2015.........SUNRISE   622 AM CDT   SUNSET   824 PM CDT
MAY  1 2015...........SUNRISE   621 AM CDT   SUNSET   825 PM CDT


-  INDICATES NEGATIVE NUMBERS.
R  INDICATES RECORD WAS SET OR TIED.
MM INDICATES DATA IS MISSING.
T  INDICATES TRACE AMOUNT.




$$
