000
CDUS43 KFSD 150626
CLISUX


CLIMATE REPORT
NATIONAL WEATHER SERVICE SIOUX FALLS SD
124 AM CDT WED APR 15 2015


...................................

...THE SIOUX CITY IA CLIMATE SUMMARY FOR APRIL 14 2015...

CLIMATE NORMAL PERIOD 1981 TO 2010
CLIMATE RECORD PERIOD 1889 TO 2015


WEATHER ITEM   OBSERVED TIME   RECORD YEAR NORMAL DEPARTURE LAST
                VALUE   (LST)  VALUE       VALUE  FROM      YEAR
                                                  NORMAL
..................................................................
TEMPERATURE (F)
 YESTERDAY
  MAXIMUM         74    111 PM  90    1954  62     12       44
  MINIMUM         39    206 AM  17    1950  36      3       24
                                      1928
  AVERAGE         57                        49      8       34

PRECIPITATION (IN)
  YESTERDAY        0.00          2.49 2012   0.10  -0.10     0.00
  MONTH TO DATE    1.96                      1.27   0.69     0.87
  SINCE MAR 1      2.84                      3.27  -0.43     1.25
  SINCE JAN 1      3.80                      4.56  -0.76     2.02

SNOWFALL (IN)
  YESTERDAY        0.0           6.2  1949   0.0    0.0      0.0
  MONTH TO DATE    0.0                       1.2   -1.2      5.3
  SINCE MAR 1      T                         7.7   -7.7     10.0
  SINCE JUL 1     21.5                      34.2  -12.7     23.8
  SNOW DEPTH       0

DEGREE DAYS
 HEATING
  YESTERDAY        8                        16     -8       31
  MONTH TO DATE  187                       266    -79      274
  SINCE MAR 1    894                      1150   -256     1254
  SINCE JUL 1   6060                      6444   -384     6858

 COOLING
  YESTERDAY        0                         0      0        0
  MONTH TO DATE    1                         0      1        4
  SINCE MAR 1      1                         0      1        4
  SINCE JAN 1      1                         0      1        4
..................................................................


WIND (MPH)
  HIGHEST WIND SPEED    23   HIGHEST WIND DIRECTION     S (160)
  HIGHEST GUST SPEED    30   HIGHEST GUST DIRECTION     S (160)
  AVERAGE WIND SPEED    10.6


SKY COVER
  POSSIBLE SUNSHINE  MM
  AVERAGE SKY COVER 0.0


WEATHER CONDITIONS
 THE FOLLOWING WEATHER WAS RECORDED YESTERDAY.
  NO SIGNIFICANT WEATHER WAS OBSERVED.


RELATIVE HUMIDITY (PERCENT)
 HIGHEST    79           600 AM
 LOWEST     22           200 PM
 AVERAGE    51

..........................................................


THE SIOUX CITY IA CLIMATE NORMALS FOR TODAY
                         NORMAL    RECORD    YEAR
 MAXIMUM TEMPERATURE (F)   62        96      2002
 MINIMUM TEMPERATURE (F)   37        16      2014


SUNRISE AND SUNSET
APRIL 15 2015.........SUNRISE   645 AM CDT   SUNSET   807 PM CDT
APRIL 16 2015.........SUNRISE   643 AM CDT   SUNSET   808 PM CDT


-  INDICATES NEGATIVE NUMBERS.
R  INDICATES RECORD WAS SET OR TIED.
MM INDICATES DATA IS MISSING.
T  INDICATES TRACE AMOUNT.




$$
