000
CDUS43 KFSD 122225
CLISUX


CLIMATE REPORT
NATIONAL WEATHER SERVICE SIOUX FALLS SD
525 PM CDT SUN APR 12 2015


...................................

...THE SIOUX CITY IA CLIMATE SUMMARY FOR APRIL 12 2015...
VALID TODAY AS OF 0500 PM LOCAL TIME.

CLIMATE NORMAL PERIOD 1981 TO 2010
CLIMATE RECORD PERIOD 1889 TO 2015


WEATHER ITEM   OBSERVED TIME   RECORD YEAR NORMAL DEPARTURE LAST
                VALUE   (LST)  VALUE       VALUE  FROM      YEAR
                                                  NORMAL
..................................................................
TEMPERATURE (F)
 TODAY
  MAXIMUM         78    215 PM  86    2010  61     17       82
  MINIMUM         50    638 AM  15    1957  35     15       55
  AVERAGE         64                        48     16       69

PRECIPITATION (IN)
  TODAY            0.00          1.31 1927   0.09  -0.09      T
  MONTH TO DATE    1.72                      1.07   0.65     0.66
  SINCE MAR 1      2.60                      3.07  -0.47     1.04
  SINCE JAN 1      3.56                      4.36  -0.80     1.81

SNOWFALL (IN)
  TODAY            0.0           1.3  1997   0.1   -0.1      0.0
  MONTH TO DATE    0.0                       1.1   -1.1      3.5
  SINCE MAR 1      T                         7.6   -7.6      8.2
  SINCE JUL 1     21.5                      34.1  -12.6     22.0
  SNOW DEPTH       0

DEGREE DAYS
 HEATING
  TODAY            1                        17    -16        0
  MONTH TO DATE  165                       233    -68      221
  SINCE MAR 1    872                      1117   -245     1201
  SINCE JUL 1   6038                      6411   -373     6805

 COOLING
  TODAY            0                         0      0        4
  MONTH TO DATE    1                         0      1        4
  SINCE MAR 1      1                         0      1        4
  SINCE JAN 1      1                         0      1        4
..................................................................


WIND (MPH)
  HIGHEST WIND SPEED    26   HIGHEST WIND DIRECTION    SW (210)
  HIGHEST GUST SPEED    34   HIGHEST GUST DIRECTION     S (190)
  AVERAGE WIND SPEED    16.9


SKY COVER
  POSSIBLE SUNSHINE  MM
  AVERAGE SKY COVER 0.4


WEATHER CONDITIONS
 THE FOLLOWING WEATHER WAS RECORDED TODAY.
  NO SIGNIFICANT WEATHER WAS OBSERVED.


RELATIVE HUMIDITY (PERCENT)
 HIGHEST    66           500 AM
 LOWEST     41           300 PM
 AVERAGE    54

..........................................................


THE SIOUX CITY IA CLIMATE NORMALS FOR TOMORROW
                         NORMAL    RECORD    YEAR
 MAXIMUM TEMPERATURE (F)   62        91      2006
 MINIMUM TEMPERATURE (F)   36        15      1950


SUNRISE AND SUNSET
APRIL 12 2015.........SUNRISE   650 AM CDT   SUNSET   804 PM CDT
APRIL 13 2015.........SUNRISE   648 AM CDT   SUNSET   805 PM CDT


-  INDICATES NEGATIVE NUMBERS.
R  INDICATES RECORD WAS SET OR TIED.
MM INDICATES DATA IS MISSING.
T  INDICATES TRACE AMOUNT.




$$
