000
CDUS43 KFSD 112231
CLISUX


CLIMATE REPORT
NATIONAL WEATHER SERVICE SIOUX FALLS SD
530 PM CDT SAT APR 11 2015


...................................

...THE SIOUX CITY IA CLIMATE SUMMARY FOR APRIL 11 2015...
VALID TODAY AS OF 0500 PM LOCAL TIME.

CLIMATE NORMAL PERIOD 1981 TO 2010
CLIMATE RECORD PERIOD 1889 TO 2015


WEATHER ITEM   OBSERVED TIME   RECORD YEAR NORMAL DEPARTURE LAST
                VALUE   (LST)  VALUE       VALUE  FROM      YEAR
                                                  NORMAL
..................................................................
TEMPERATURE (F)
 TODAY
  MAXIMUM         74    336 PM  89    1968  61     13       79
  MINIMUM         35    559 AM  16    1940  35      0       34
  AVERAGE         55                        48      7       57

PRECIPITATION (IN)
  TODAY            0.00          1.24 2001   0.10  -0.10     0.00
  MONTH TO DATE    1.72                      0.98   0.74     0.66
  SINCE MAR 1      2.60                      2.98  -0.38     1.04
  SINCE JAN 1      3.56                      4.27  -0.71     1.81

SNOWFALL (IN)
  TODAY            0.0           5.0  1997   0.0    0.0      0.0
  MONTH TO DATE    0.0                       1.0   -1.0      3.5
  SINCE MAR 1      T                         7.5   -7.5      8.2
  SINCE JUL 1     21.5                      34.0  -12.5     22.0
  SNOW DEPTH       0

DEGREE DAYS
 HEATING
  TODAY           10                        18     -8        8
  MONTH TO DATE  164                       216    -52      221
  SINCE MAR 1    871                      1100   -229     1201
  SINCE JUL 1   6037                      6394   -357     6805

 COOLING
  TODAY            0                         0      0        0
  MONTH TO DATE    1                         0      1        0
  SINCE MAR 1      1                         0      1        0
  SINCE JAN 1      1                         0      1        0
..................................................................


WIND (MPH)
  HIGHEST WIND SPEED    29   HIGHEST WIND DIRECTION     S (180)
  HIGHEST GUST SPEED    37   HIGHEST GUST DIRECTION     S (190)
  AVERAGE WIND SPEED    13.5


SKY COVER
  POSSIBLE SUNSHINE  MM
  AVERAGE SKY COVER 0.0


WEATHER CONDITIONS
 THE FOLLOWING WEATHER WAS RECORDED TODAY.
  NO SIGNIFICANT WEATHER WAS OBSERVED.


RELATIVE HUMIDITY (PERCENT)
 HIGHEST    85           700 AM
 LOWEST     29           100 PM
 AVERAGE    57

..........................................................


THE SIOUX CITY IA CLIMATE NORMALS FOR TOMORROW
                         NORMAL    RECORD    YEAR
 MAXIMUM TEMPERATURE (F)   61        86      2010
 MINIMUM TEMPERATURE (F)   35        15      1957


SUNRISE AND SUNSET
APRIL 11 2015.........SUNRISE   651 AM CDT   SUNSET   802 PM CDT
APRIL 12 2015.........SUNRISE   650 AM CDT   SUNSET   804 PM CDT


-  INDICATES NEGATIVE NUMBERS.
R  INDICATES RECORD WAS SET OR TIED.
MM INDICATES DATA IS MISSING.
T  INDICATES TRACE AMOUNT.




$$
